%PDF- %PDF-
Mini Shell

Mini Shell

Direktori : /proc/11976/root/var/log/nginx/
Upload File :
Create Path :
Current File : //proc/11976/root/var/log/nginx/error.log-20250506

2025/05/05 04:20:23 [error] 11977#0: *116733979 access forbidden by rule, client: 147.185.132.131, server: _, request: "GET / HTTP/1.1", host: "138.197.215.222:8893"
2025/05/05 05:12:43 [error] 11981#0: *116750426 open() "/home/bitrix/www/favicon.ico" failed (2: No such file or directory), client: 167.94.138.195, server: _, request: "GET /favicon.ico HTTP/1.1", host: "952cd7f5-55c2-472f-bc9d-08487ef75661.random.port4lio.pro"
2025/05/05 05:13:20 [error] 11977#0: *116750782 open() "/home/bitrix/www/favicon.ico" failed (2: No such file or directory), client: 167.94.138.195, server: _, request: "GET /favicon.ico HTTP/1.1", host: "952cd7f5-55c2-472f-bc9d-08487ef75661.random.port4lio.pro"
2025/05/05 05:13:49 [error] 11977#0: *116750808 open() "/home/bitrix/www/favicon.ico" failed (2: No such file or directory), client: 209.126.83.235, server: _, request: "GET /favicon.ico HTTP/1.1", host: "138.197.215.222"
2025/05/05 05:13:50 [crit] 11983#0: *116750818 SSL_do_handshake() failed (SSL: error:141CF06C:SSL routines:tls_parse_ctos_key_share:bad key share) while SSL handshaking, client: 209.126.83.235, server: 0.0.0.0:443
2025/05/05 05:25:16 [crit] 11977#0: *116754567 SSL_do_handshake() failed (SSL: error:141CF06C:SSL routines:tls_parse_ctos_key_share:bad key share) while SSL handshaking, client: 45.148.10.97, server: 0.0.0.0:443
2025/05/05 05:25:19 [error] 11980#0: *116754612 access forbidden by rule, client: 45.148.10.97, server: _, request: "GET /server/.git/config HTTP/1.1", host: "138.197.215.222"
2025/05/05 05:25:24 [error] 11977#0: *116754677 access forbidden by rule, client: 45.148.10.97, server: _, request: "GET /project/.git/config HTTP/1.1", host: "138.197.215.222"
2025/05/05 05:25:24 [error] 11977#0: *116754683 access forbidden by rule, client: 45.148.10.97, server: _, request: "GET /static../.git/config HTTP/1.1", host: "138.197.215.222"
2025/05/05 05:25:25 [error] 11981#0: *116754689 access forbidden by rule, client: 45.148.10.97, server: _, request: "GET /www/.git/config HTTP/1.1", host: "138.197.215.222"
2025/05/05 05:25:32 [error] 11977#0: *116754792 access forbidden by rule, client: 45.148.10.97, server: _, request: "GET /.git/config HTTP/1.1", host: "138.197.215.222"
2025/05/05 05:25:33 [error] 11983#0: *116754797 access forbidden by rule, client: 45.148.10.97, server: _, request: "GET /media../.git/config HTTP/1.1", host: "138.197.215.222"
2025/05/05 05:25:37 [error] 11977#0: *116754855 access forbidden by rule, client: 45.148.10.97, server: _, request: "GET /cms/.git/config HTTP/1.1", host: "138.197.215.222"
2025/05/05 05:25:41 [error] 11977#0: *116754868 access forbidden by rule, client: 45.148.10.97, server: _, request: "GET /backup/.git/config HTTP/1.1", host: "138.197.215.222"
2025/05/05 05:25:41 [error] 11981#0: *116754869 access forbidden by rule, client: 45.148.10.97, server: _, request: "GET /public/.git/config HTTP/1.1", host: "138.197.215.222"
2025/05/05 05:25:43 [error] 11981#0: *116754872 access forbidden by rule, client: 45.148.10.97, server: _, request: "GET /api/.git/config HTTP/1.1", host: "138.197.215.222"
2025/05/05 05:25:45 [error] 11977#0: *116754877 access forbidden by rule, client: 45.148.10.97, server: _, request: "GET /app/.git/config HTTP/1.1", host: "138.197.215.222"
2025/05/05 05:25:46 [error] 11977#0: *116754878 access forbidden by rule, client: 45.148.10.97, server: _, request: "GET /media/.git/config HTTP/1.1", host: "138.197.215.222"
2025/05/05 05:25:56 [error] 11977#0: *116754902 access forbidden by rule, client: 45.148.10.97, server: _, request: "GET /assets../.git/config HTTP/1.1", host: "138.197.215.222"
2025/05/05 05:25:58 [error] 11977#0: *116754907 access forbidden by rule, client: 45.148.10.97, server: _, request: "GET /config/.git/config HTTP/1.1", host: "138.197.215.222"
2025/05/05 05:25:59 [error] 11981#0: *116754908 access forbidden by rule, client: 45.148.10.97, server: _, request: "GET /admin/.git/config HTTP/1.1", host: "138.197.215.222"
2025/05/05 05:26:01 [error] 11983#0: *116754915 access forbidden by rule, client: 45.148.10.97, server: _, request: "GET /core/.git/config HTTP/1.1", host: "138.197.215.222"
2025/05/05 05:26:01 [error] 11977#0: *116754918 access forbidden by rule, client: 45.148.10.97, server: _, request: "GET /data/.git/config HTTP/1.1", host: "138.197.215.222"
2025/05/05 05:26:02 [error] 11977#0: *116754919 access forbidden by rule, client: 45.148.10.97, server: _, request: "GET /src/.git/config HTTP/1.1", host: "138.197.215.222"
2025/05/05 05:26:04 [error] 11977#0: *116754926 access forbidden by rule, client: 45.148.10.97, server: _, request: "GET /files/.git/config HTTP/1.1", host: "138.197.215.222"
2025/05/05 05:26:05 [error] 11983#0: *116754927 access forbidden by rule, client: 45.148.10.97, server: _, request: "GET /dev/.git/config HTTP/1.1", host: "138.197.215.222"
2025/05/05 05:26:49 [error] 11977#0: *116755337 open() "/home/bitrix/www/favicon.ico" failed (2: No such file or directory), client: 65.49.1.99, server: _, request: "GET /favicon.ico HTTP/1.1", host: "138.197.215.222"
2025/05/05 05:34:53 [error] 11977#0: *116757769 open() "/home/bitrix/www/favicon.ico" failed (2: No such file or directory), client: 66.249.64.9, server: _, request: "GET /favicon.ico HTTP/1.1", host: "mail6.port4lio.pro"
2025/05/05 05:50:58 [error] 11977#0: *116763762 open() "/home/bitrix/www/favicon.ico" failed (2: No such file or directory), client: 199.45.154.132, server: _, request: "GET /favicon.ico HTTP/1.1", host: "952cd7f5-55c2-472f-bc9d-08487ef75661.random.port4lio.pro"
2025/05/05 05:51:03 [error] 11977#0: *116763765 open() "/home/bitrix/www/favicon.ico" failed (2: No such file or directory), client: 199.45.154.132, server: _, request: "GET /favicon.ico HTTP/1.1", host: "952cd7f5-55c2-472f-bc9d-08487ef75661.random.port4lio.pro"
2025/05/05 06:09:37 [error] 11977#0: *116768928 open() "/home/bitrix/www/favicon.ico" failed (2: No such file or directory), client: 172.69.135.114, server: _, request: "GET /favicon.ico HTTP/2.0", host: "www.port4lio.pro"
2025/05/05 08:01:50 [error] 11977#0: *116805727 access forbidden by rule, client: 91.196.152.186, server: _, request: "GET / HTTP/1.1", host: "138.197.215.222:8893"
2025/05/05 08:13:34 [error] 11983#0: *116809296 access forbidden by rule, client: 91.196.152.112, server: _, request: "GET /favicon.ico HTTP/1.1", host: "138.197.215.222:8893"
2025/05/05 08:46:48 [error] 11977#0: *116820803 open() "/home/bitrix/www/favicon.ico" failed (2: No such file or directory), client: 172.71.154.185, server: _, request: "GET /favicon.ico HTTP/1.1", host: "port4lio.pro", referrer: "http://port4lio.pro/"
2025/05/05 08:46:49 [error] 11977#0: *116820813 open() "/home/bitrix/www/favicon.ico" failed (2: No such file or directory), client: 172.71.154.184, server: _, request: "GET /favicon.ico HTTP/2.0", host: "port4lio.pro", referrer: "https://port4lio.pro/"
2025/05/05 09:12:12 [crit] 11980#0: *116830472 SSL_do_handshake() failed (SSL: error:141CF06C:SSL routines:tls_parse_ctos_key_share:bad key share) while SSL handshaking, client: 20.65.192.67, server: 0.0.0.0:443
2025/05/05 09:44:10 [crit] 11978#0: *116842399 SSL_do_handshake() failed (SSL: error:141CF06C:SSL routines:tls_parse_ctos_key_share:bad key share) while SSL handshaking, client: 74.82.47.2, server: 0.0.0.0:443
2025/05/05 09:45:22 [error] 11978#0: *116842827 open() "/home/bitrix/www/favicon.ico" failed (2: No such file or directory), client: 74.82.47.2, server: _, request: "GET /favicon.ico HTTP/1.1", host: "138.197.215.222"
2025/05/05 09:55:04 [error] 11977#0: *116846364 access forbidden by rule, client: 74.82.47.2, server: _, request: "GET /.git/config HTTP/1.1", host: "138.197.215.222"
2025/05/05 10:05:03 [crit] 11979#0: *116850075 SSL_do_handshake() failed (SSL: error:141CF06C:SSL routines:tls_parse_ctos_key_share:bad key share) while SSL handshaking, client: 185.242.226.157, server: 0.0.0.0:443
2025/05/05 10:27:16 [error] 11976#0: *116858269 open() "/home/bitrix/www/uploaded_script.php" failed (2: No such file or directory), client: 172.71.158.31, server: _, request: "GET /uploaded_script.php HTTP/1.1", host: "port4lio.pro", referrer: "www.google.com"
2025/05/05 10:27:16 [error] 11981#0: *116858300 open() "/home/bitrix/www/uploaded_script.php" failed (2: No such file or directory), client: 172.69.135.150, server: _, request: "GET /uploaded_script.php HTTP/2.0", host: "port4lio.pro", referrer: "www.google.com"
2025/05/05 11:13:34 [error] 11977#0: *116874200 open() "/home/bitrix/www/bitrix/wizards/nextype/magnet/css/styles.css" failed (2: No such file or directory), client: 172.71.158.37, server: _, request: "GET /bitrix/wizards/nextype/magnet/css/styles.css HTTP/1.1", host: "port4lio.pro", referrer: "http://port4lio.pro/"
2025/05/05 11:15:18 [error] 11977#0: *116874841 open() "/home/bitrix/www/bitrix/wizards/nextype/alpha/css/styles.css" failed (2: No such file or directory), client: 162.158.167.150, server: _, request: "GET /bitrix/wizards/nextype/alpha/css/styles.css HTTP/1.1", host: "port4lio.pro", referrer: "http://port4lio.pro/bitrix/wizards/nextype/magnet/css/styles.css"
2025/05/05 11:44:21 [error] 11977#0: *116884416 access forbidden by rule, client: 146.190.240.206, server: _, request: "GET /.git/config HTTP/1.1", host: "138.197.215.222"
2025/05/05 12:23:38 [error] 11981#0: *116896291 open() "/home/bitrix/www/owa/auth/x.js" failed (2: No such file or directory), client: 20.168.0.218, server: _, request: "GET /owa/auth/x.js HTTP/1.1", host: "138.197.215.222"
2025/05/05 12:46:59 [crit] 11977#0: *116903661 SSL_do_handshake() failed (SSL: error:141CF06C:SSL routines:tls_parse_ctos_key_share:bad key share) while SSL handshaking, client: 5.34.178.101, server: 0.0.0.0:443
2025/05/05 12:56:34 [error] 11977#0: *116907161 open() "/home/bitrix/www/favicon.ico" failed (2: No such file or directory), client: 172.71.154.185, server: _, request: "GET /favicon.ico HTTP/2.0", host: "port4lio.pro", referrer: "https://port4lio.pro/sara_nurmatova/"
2025/05/05 13:04:39 [error] 11977#0: *116909714 open() "/home/bitrix/www/favicon.ico" failed (2: No such file or directory), client: 123.160.223.75, server: _, request: "GET /favicon.ico HTTP/1.1", host: "smtp3.port4lio.pro"
2025/05/05 13:04:39 [error] 11981#0: *116909717 open() "/home/bitrix/www/favicon.ico" failed (2: No such file or directory), client: 111.7.96.164, server: _, request: "GET /favicon.ico HTTP/1.1", host: "spam.port4lio.pro"
2025/05/05 13:04:42 [error] 11981#0: *116909738 open() "/home/bitrix/www/favicon.ico" failed (2: No such file or directory), client: 123.160.223.72, server: _, request: "GET /favicon.ico HTTP/1.1", host: "pei.port4lio.pro"
2025/05/05 13:04:47 [error] 11983#0: *116909827 open() "/home/bitrix/www/favicon.ico" failed (2: No such file or directory), client: 185.126.82.201, server: _, request: "GET /favicon.ico HTTP/1.1", host: "bip.port4lio.pro"
2025/05/05 13:04:48 [error] 11983#0: *116909850 open() "/home/bitrix/www/favicon.ico" failed (2: No such file or directory), client: 123.160.223.75, server: _, request: "GET /favicon.ico HTTP/1.1", host: "doh.port4lio.pro"
2025/05/05 13:04:52 [error] 11981#0: *116909905 open() "/home/bitrix/www/favicon.ico" failed (2: No such file or directory), client: 123.160.223.72, server: _, request: "GET /favicon.ico HTTP/1.1", host: "m.port4lio.pro"
2025/05/05 13:04:52 [error] 11977#0: *116909918 open() "/home/bitrix/www/favicon.ico" failed (2: No such file or directory), client: 111.7.96.177, server: _, request: "GET /favicon.ico HTTP/1.1", host: "19a5497d-36ba-411e-b3f4-cb5187bd025b.port4lio.pro"
2025/05/05 13:04:54 [error] 11980#0: *116909952 open() "/home/bitrix/www/favicon.ico" failed (2: No such file or directory), client: 111.7.96.171, server: _, request: "GET /favicon.ico HTTP/1.1", host: "dc-c5b65c8b88c2.port4lio.pro"
2025/05/05 13:04:58 [error] 11981#0: *116910038 open() "/home/bitrix/www/favicon.ico" failed (2: No such file or directory), client: 111.7.106.107, server: _, request: "GET /favicon.ico HTTP/1.1", host: "mail1.port4lio.pro"
2025/05/05 13:04:58 [error] 11977#0: *116910039 open() "/home/bitrix/www/favicon.ico" failed (2: No such file or directory), client: 123.160.223.75, server: _, request: "GET /favicon.ico HTTP/1.1", host: "mailbox.port4lio.pro"
2025/05/05 13:04:59 [error] 11981#0: *116910041 open() "/home/bitrix/www/favicon.ico" failed (2: No such file or directory), client: 111.7.96.163, server: _, request: "GET /favicon.ico HTTP/1.1", host: "gw.port4lio.pro"
2025/05/05 13:04:59 [error] 11983#0: *116910045 open() "/home/bitrix/www/favicon.ico" failed (2: No such file or directory), client: 111.7.106.104, server: _, request: "GET /favicon.ico HTTP/1.1", host: "gate.port4lio.pro"
2025/05/05 13:05:00 [error] 11981#0: *116910060 open() "/home/bitrix/www/favicon.ico" failed (2: No such file or directory), client: 111.7.106.106, server: _, request: "GET /favicon.ico HTTP/1.1", host: "relay2.port4lio.pro"
2025/05/05 13:05:02 [error] 11977#0: *116910070 open() "/home/bitrix/www/favicon.ico" failed (2: No such file or directory), client: 123.160.223.74, server: _, request: "GET /favicon.ico HTTP/1.1", host: "mail02.port4lio.pro"
2025/05/05 13:05:03 [error] 11977#0: *116910072 open() "/home/bitrix/www/favicon.ico" failed (2: No such file or directory), client: 111.7.96.177, server: _, request: "GET /favicon.ico HTTP/1.1", host: "ns2.port4lio.pro"
2025/05/05 13:05:05 [error] 11981#0: *116910079 open() "/home/bitrix/www/favicon.ico" failed (2: No such file or directory), client: 123.160.223.75, server: _, request: "GET /favicon.ico HTTP/1.1", host: "out.port4lio.pro"
2025/05/05 13:05:05 [error] 11978#0: *116910080 open() "/home/bitrix/www/favicon.ico" failed (2: No such file or directory), client: 185.126.82.201, server: _, request: "GET /favicon.ico HTTP/1.1", host: "mx1.port4lio.pro"
2025/05/05 13:05:05 [error] 11981#0: *116910078 open() "/home/bitrix/www/favicon.ico" failed (2: No such file or directory), client: 123.160.223.74, server: _, request: "GET /favicon.ico HTTP/1.1", host: "bbs.port4lio.pro"
2025/05/05 13:05:06 [error] 11983#0: *116910081 open() "/home/bitrix/www/favicon.ico" failed (2: No such file or directory), client: 185.126.82.201, server: _, request: "GET /favicon.ico HTTP/1.1", host: "imobis.port4lio.pro"
2025/05/05 13:05:08 [error] 11977#0: *116910110 open() "/home/bitrix/www/favicon.ico" failed (2: No such file or directory), client: 123.160.223.75, server: _, request: "GET /favicon.ico HTTP/1.1", host: "mail11.port4lio.pro"
2025/05/05 13:05:08 [error] 11976#0: *116910111 open() "/home/bitrix/www/favicon.ico" failed (2: No such file or directory), client: 111.7.96.152, server: _, request: "GET /favicon.ico HTTP/1.1", host: "server1.port4lio.pro"
2025/05/05 13:05:08 [error] 11976#0: *116910112 open() "/home/bitrix/www/favicon.ico" failed (2: No such file or directory), client: 111.7.96.159, server: _, request: "GET /favicon.ico HTTP/1.1", host: "post.port4lio.pro"
2025/05/05 13:05:09 [error] 11981#0: *116910114 open() "/home/bitrix/www/favicon.ico" failed (2: No such file or directory), client: 111.7.96.169, server: _, request: "GET /favicon.ico HTTP/1.1", host: "www3.port4lio.pro"
2025/05/05 13:05:10 [error] 11977#0: *116910120 open() "/home/bitrix/www/favicon.ico" failed (2: No such file or directory), client: 111.7.106.106, server: _, request: "GET /favicon.ico HTTP/1.1", host: "smtp.comune.port4lio.pro"
2025/05/05 13:05:11 [error] 11977#0: *116910125 open() "/home/bitrix/www/favicon.ico" failed (2: No such file or directory), client: 123.160.223.72, server: _, request: "GET /favicon.ico HTTP/1.1", host: "mx02.port4lio.pro"
2025/05/05 13:05:12 [error] 11977#0: *116910126 open() "/home/bitrix/www/favicon.ico" failed (2: No such file or directory), client: 111.7.96.167, server: _, request: "GET /favicon.ico HTTP/1.1", host: "authsmtp.port4lio.pro"
2025/05/05 13:05:16 [error] 11977#0: *116910141 open() "/home/bitrix/www/favicon.ico" failed (2: No such file or directory), client: 123.160.223.74, server: _, request: "GET /favicon.ico HTTP/1.1", host: "mail5.port4lio.pro"
2025/05/05 13:05:17 [error] 11977#0: *116910139 open() "/home/bitrix/www/favicon.ico" failed (2: No such file or directory), client: 185.126.82.201, server: _, request: "GET /favicon.ico HTTP/1.1", host: "imap.port4lio.pro"
2025/05/05 13:05:19 [error] 11978#0: *116910162 open() "/home/bitrix/www/favicon.ico" failed (2: No such file or directory), client: 123.160.221.133, server: _, request: "GET /favicon.ico HTTP/1.1", host: "smtp.port4lio.pro"
2025/05/05 13:05:19 [error] 11981#0: *116910164 open() "/home/bitrix/www/favicon.ico" failed (2: No such file or directory), client: 111.7.106.105, server: _, request: "GET /favicon.ico HTTP/1.1", host: "ftp.port4lio.pro"
2025/05/05 13:05:19 [error] 11983#0: *116910165 open() "/home/bitrix/www/favicon.ico" failed (2: No such file or directory), client: 111.7.106.105, server: _, request: "GET /favicon.ico HTTP/1.1", host: "port4lio.pro"
2025/05/05 13:05:19 [error] 11977#0: *116910166 open() "/home/bitrix/www/favicon.ico" failed (2: No such file or directory), client: 123.160.223.75, server: _, request: "GET /favicon.ico HTTP/1.1", host: "web.port4lio.pro"
2025/05/05 13:05:20 [error] 11981#0: *116910167 open() "/home/bitrix/www/favicon.ico" failed (2: No such file or directory), client: 111.7.96.165, server: _, request: "GET /favicon.ico HTTP/1.1", host: "wildwww.port4lio.pro"
2025/05/05 13:05:27 [error] 11976#0: *116910174 open() "/home/bitrix/www/favicon.ico" failed (2: No such file or directory), client: 185.126.82.201, server: _, request: "GET /favicon.ico HTTP/1.1", host: "mailrelay.port4lio.pro"
2025/05/05 13:05:30 [error] 11977#0: *116910188 open() "/home/bitrix/www/favicon.ico" failed (2: No such file or directory), client: 111.7.96.166, server: _, request: "GET /favicon.ico HTTP/1.1", host: "smtpseguro.port4lio.pro"
2025/05/05 13:05:31 [error] 11981#0: *116910191 open() "/home/bitrix/www/favicon.ico" failed (2: No such file or directory), client: 123.160.223.72, server: _, request: "GET /favicon.ico HTTP/1.1", host: "exchange.port4lio.pro"
2025/05/05 13:05:34 [error] 11981#0: *116910194 open() "/home/bitrix/www/favicon.ico" failed (2: No such file or directory), client: 123.160.223.75, server: _, request: "GET /favicon.ico HTTP/1.1", host: "auth.port4lio.pro"
2025/05/05 13:08:34 [crit] 11981#0: *116911307 SSL_do_handshake() failed (SSL: error:141CF06C:SSL routines:tls_parse_ctos_key_share:bad key share) while SSL handshaking, client: 5.34.178.101, server: 0.0.0.0:443
2025/05/05 13:50:11 [crit] 11983#0: *116925333 SSL_do_handshake() failed (SSL: error:141CF06C:SSL routines:tls_parse_ctos_key_share:bad key share) while SSL handshaking, client: 148.113.210.254, server: 0.0.0.0:443
2025/05/05 14:44:24 [error] 11983#0: *116943751 access forbidden by rule, client: 45.148.10.97, server: _, request: "GET /data/.git/config HTTP/1.1", host: "138.197.215.222"
2025/05/05 14:44:24 [error] 11977#0: *116943752 access forbidden by rule, client: 45.148.10.97, server: _, request: "GET /server/.git/config HTTP/1.1", host: "138.197.215.222"
2025/05/05 14:44:28 [error] 11983#0: *116943761 access forbidden by rule, client: 45.148.10.97, server: _, request: "GET /app/.git/config HTTP/1.1", host: "138.197.215.222"
2025/05/05 14:44:31 [error] 11981#0: *116943770 access forbidden by rule, client: 45.148.10.97, server: _, request: "GET /cms/.git/config HTTP/1.1", host: "138.197.215.222"
2025/05/05 14:44:35 [error] 11981#0: *116943781 access forbidden by rule, client: 45.148.10.97, server: _, request: "GET /project/.git/config HTTP/1.1", host: "138.197.215.222"
2025/05/05 14:44:37 [error] 11977#0: *116943786 access forbidden by rule, client: 45.148.10.97, server: _, request: "GET /src/.git/config HTTP/1.1", host: "138.197.215.222"
2025/05/05 14:44:37 [error] 11982#0: *116943787 access forbidden by rule, client: 45.148.10.97, server: _, request: "GET /www/.git/config HTTP/1.1", host: "138.197.215.222"
2025/05/05 14:44:39 [error] 11977#0: *116943794 access forbidden by rule, client: 45.148.10.97, server: _, request: "GET /config/.git/config HTTP/1.1", host: "138.197.215.222"
2025/05/05 14:44:42 [error] 11983#0: *116943805 access forbidden by rule, client: 45.148.10.97, server: _, request: "GET /public/.git/config HTTP/1.1", host: "138.197.215.222"
2025/05/05 14:44:47 [error] 11977#0: *116943821 access forbidden by rule, client: 45.148.10.97, server: _, request: "GET /assets../.git/config HTTP/1.1", host: "138.197.215.222"
2025/05/05 14:44:47 [error] 11982#0: *116943822 access forbidden by rule, client: 45.148.10.97, server: _, request: "GET /backup/.git/config HTTP/1.1", host: "138.197.215.222"
2025/05/05 14:44:49 [error] 11977#0: *116943829 access forbidden by rule, client: 45.148.10.97, server: _, request: "GET /core/.git/config HTTP/1.1", host: "138.197.215.222"
2025/05/05 14:44:50 [error] 11976#0: *116943830 access forbidden by rule, client: 45.148.10.97, server: _, request: "GET /static../.git/config HTTP/1.1", host: "138.197.215.222"
2025/05/05 14:44:51 [error] 11981#0: *116943837 access forbidden by rule, client: 45.148.10.97, server: _, request: "GET /media../.git/config HTTP/1.1", host: "138.197.215.222"
2025/05/05 14:44:52 [error] 11977#0: *116943838 access forbidden by rule, client: 45.148.10.97, server: _, request: "GET /api/.git/config HTTP/1.1", host: "138.197.215.222"
2025/05/05 14:44:52 [error] 11978#0: *116943839 access forbidden by rule, client: 45.148.10.97, server: _, request: "GET /dev/.git/config HTTP/1.1", host: "138.197.215.222"
2025/05/05 14:44:58 [error] 11981#0: *116943859 access forbidden by rule, client: 45.148.10.97, server: _, request: "GET /.git/config HTTP/1.1", host: "138.197.215.222"
2025/05/05 14:44:58 [error] 11976#0: *116943860 access forbidden by rule, client: 45.148.10.97, server: _, request: "GET /media/.git/config HTTP/1.1", host: "138.197.215.222"
2025/05/05 14:44:59 [error] 11978#0: *116943861 access forbidden by rule, client: 45.148.10.97, server: _, request: "GET /files/.git/config HTTP/1.1", host: "138.197.215.222"
2025/05/05 14:44:59 [error] 11977#0: *116943862 access forbidden by rule, client: 45.148.10.97, server: _, request: "GET /admin/.git/config HTTP/1.1", host: "138.197.215.222"
2025/05/05 14:51:06 [error] 11981#0: *116945466 open() "/home/bitrix/www/bitrix/js/aspro.max/sort/Sortable.js" failed (2: No such file or directory), client: 172.69.22.125, server: _, request: "GET /bitrix/js/aspro.max/sort/Sortable.js HTTP/1.1", host: "port4lio.pro", referrer: "http://port4lio.pro/"
2025/05/05 14:51:06 [error] 11981#0: *116945470 open() "/home/bitrix/www/bitrix/js/aspro.next/sort/Sortable.js" failed (2: No such file or directory), client: 162.158.166.224, server: _, request: "GET /bitrix/js/aspro.next/sort/Sortable.js HTTP/1.1", host: "port4lio.pro", referrer: "http://port4lio.pro/bitrix/js/aspro.max/sort/Sortable.js"
2025/05/05 14:51:09 [error] 11977#0: *116945509 open() "/home/bitrix/www/bitrix/js/aspro.lite/sort/Sortable.js" failed (2: No such file or directory), client: 172.69.22.54, server: _, request: "GET /bitrix/js/aspro.lite/sort/Sortable.js HTTP/1.1", host: "port4lio.pro", referrer: "http://port4lio.pro/bitrix/js/aspro.next/sort/Sortable.js"
2025/05/05 15:32:30 [error] 11981#0: *116957189 open() "/home/bitrix/www/favicon.ico" failed (2: No such file or directory), client: 172.71.154.184, server: _, request: "GET /favicon.ico HTTP/2.0", host: "port4lio.pro", referrer: "https://port4lio.pro/"
2025/05/05 15:43:52 [crit] 11976#0: *116961054 SSL_do_handshake() failed (SSL: error:141CF06C:SSL routines:tls_parse_ctos_key_share:bad key share) while SSL handshaking, client: 165.154.43.179, server: 0.0.0.0:443
2025/05/05 15:44:11 [error] 11977#0: *116961071 open() "/home/bitrix/www/favicon.ico" failed (2: No such file or directory), client: 118.193.44.169, server: _, request: "GET /favicon.ico HTTP/1.1", host: "138.197.215.222"
2025/05/05 16:11:25 [error] 11977#0: *116969772 access forbidden by rule, client: 35.203.210.67, server: _, request: "GET / HTTP/1.1", host: "138.197.215.222:8893"
2025/05/05 17:55:38 [error] 11981#0: *117001166 open() "/home/bitrix/www/favicon.ico" failed (2: No such file or directory), client: 45.58.159.64, server: _, request: "GET /favicon.ico HTTP/1.1", host: "138.197.215.222"
2025/05/05 18:10:40 [error] 11979#0: *117006065 access forbidden by rule, client: 24.144.84.146, server: _, request: "GET /.git/config HTTP/1.1", host: "138.197.215.222"
2025/05/05 18:30:21 [crit] 11979#0: *117013235 SSL_do_handshake() failed (SSL: error:141CF06C:SSL routines:tls_parse_ctos_key_share:bad key share) while SSL handshaking, client: 68.183.8.234, server: 0.0.0.0:443
2025/05/05 18:32:22 [error] 11981#0: *117013873 access forbidden by rule, client: 162.142.125.122, server: _, request: "GET / HTTP/1.1", host: "138.197.215.222:8893"
2025/05/05 18:32:33 [error] 11983#0: *117014039 access forbidden by rule, client: 162.142.125.122, server: _, request: "GET / HTTP/1.1", host: "138.197.215.222:8893"
2025/05/05 18:32:42 [error] 11981#0: *117014166 access forbidden by rule, client: 162.142.125.122, server: _, request: "GET /favicon.ico HTTP/1.1", host: "138.197.215.222:8893"
2025/05/05 18:47:54 [error] 11981#0: *117019180 access forbidden by rule, client: 206.168.34.115, server: _, request: "GET / HTTP/1.1", host: "138.197.215.222:8894"
2025/05/05 18:48:01 [error] 11977#0: *117019345 access forbidden by rule, client: 206.168.34.115, server: _, request: "GET / HTTP/1.1", host: "138.197.215.222:8894"
2025/05/05 18:48:29 [error] 11981#0: *117019469 access forbidden by rule, client: 206.168.34.115, server: _, request: "GET /favicon.ico HTTP/1.1", host: "138.197.215.222:8894"
2025/05/05 19:10:06 [error] 11977#0: *117027052 access forbidden by rule, client: 146.190.240.206, server: _, request: "GET /.git/config HTTP/1.1", host: "138.197.215.222"
2025/05/05 19:11:11 [error] 11977#0: *117027221 directory index of "/home/bitrix/www/bitrix/tmp/" is forbidden, client: 172.69.135.128, server: _, request: "GET /bitrix/tmp/ HTTP/1.1", host: "port4lio.pro"
2025/05/05 19:11:13 [error] 11981#0: *117025658 directory index of "/home/bitrix/www/bitrix/tmp/" is forbidden, client: 172.69.23.156, server: _, request: "GET /bitrix/tmp/ HTTP/2.0", host: "port4lio.pro"
2025/05/05 19:11:14 [error] 11981#0: *117027212 access forbidden by rule, client: 172.71.154.234, server: _, request: "GET /bitrix/php_interface/ HTTP/1.1", host: "port4lio.pro"
2025/05/05 19:11:15 [error] 11979#0: *117025373 access forbidden by rule, client: 162.158.166.219, server: _, request: "GET /bitrix/php_interface/ HTTP/2.0", host: "port4lio.pro"
2025/05/05 19:11:16 [error] 11981#0: *117025368 access forbidden by rule, client: 172.69.134.218, server: _, request: "GET /bitrix/modules/ HTTP/2.0", host: "port4lio.pro"
2025/05/05 19:11:17 [error] 11977#0: *117027280 access forbidden by rule, client: 172.69.23.108, server: _, request: "GET /bitrix/modules/ HTTP/1.1", host: "port4lio.pro"
2025/05/05 19:11:18 [error] 11981#0: *117025368 directory index of "/home/bitrix/www/bitrix/images/" is forbidden, client: 172.69.134.218, server: _, request: "GET /bitrix/images/ HTTP/2.0", host: "port4lio.pro"
2025/05/05 19:11:21 [error] 11977#0: *117027221 directory index of "/home/bitrix/www/bitrix/images/" is forbidden, client: 172.69.135.128, server: _, request: "GET /bitrix/images/ HTTP/1.1", host: "port4lio.pro"
2025/05/05 19:35:01 [crit] 11981#0: *117035846 SSL_do_handshake() failed (SSL: error:141CF06C:SSL routines:tls_parse_ctos_key_share:bad key share) while SSL handshaking, client: 170.64.130.197, server: 0.0.0.0:443
2025/05/05 19:37:26 [error] 11983#0: *117036435 open() "/home/bitrix/www/bitrix/js/webdebug.utilities/shell.js" failed (2: No such file or directory), client: 172.69.22.123, server: _, request: "GET /bitrix/js/webdebug.utilities/shell.js HTTP/1.1", host: "port4lio.pro"
2025/05/05 19:41:06 [error] 11981#0: *117037961 access forbidden by rule, client: 118.193.73.8, server: _, request: "GET / HTTP/1.1", host: "138.197.215.222:8893"
2025/05/05 19:41:25 [error] 11983#0: *117038113 access forbidden by rule, client: 118.193.73.8, server: _, request: "GET /favicon.ico HTTP/1.1", host: "138.197.215.222:8893"
2025/05/05 19:41:25 [error] 11977#0: *117038114 access forbidden by rule, client: 118.193.73.8, server: _, request: "GET /robots.txt HTTP/1.1", host: "138.197.215.222:8893"
2025/05/05 19:41:25 [error] 11979#0: *117038115 access forbidden by rule, client: 118.193.73.8, server: _, request: "GET /sitemap.xml HTTP/1.1", host: "138.197.215.222:8893"
2025/05/05 20:03:09 [error] 11977#0: *117045085 access forbidden by rule, client: 172.71.154.250, server: _, request: "GET /.github/default.php HTTP/1.1", host: "port4lio.pro"
2025/05/05 20:05:15 [error] 11983#0: *117046600 open() "/home/bitrix/www/upload_shell.php" failed (2: No such file or directory), client: 172.69.135.84, server: _, request: "GET /upload_shell.php HTTP/1.1", host: "port4lio.pro"
2025/05/05 20:05:16 [error] 11977#0: *117045403 open() "/home/bitrix/www/uploads/shell.php" failed (2: No such file or directory), client: 162.158.166.252, server: _, request: "GET /uploads/shell.php HTTP/1.1", host: "port4lio.pro"
2025/05/05 20:09:18 [error] 11976#0: *117048156 open() "/home/bitrix/www/upload/install.php" failed (2: No such file or directory), client: 172.71.158.41, server: _, request: "GET /upload/install.php HTTP/1.1", host: "port4lio.pro"
2025/05/05 20:09:29 [error] 11981#0: *117047996 open() "/home/bitrix/www/uploads/Alex-Cross.php" failed (2: No such file or directory), client: 172.69.23.47, server: _, request: "GET /uploads/Alex-Cross.php HTTP/1.1", host: "port4lio.pro"
2025/05/05 20:10:57 [error] 11977#0: *117048804 open() "/home/bitrix/www/uploads/gecko.php" failed (2: No such file or directory), client: 172.71.154.21, server: _, request: "GET /uploads/gecko.php HTTP/1.1", host: "port4lio.pro"
2025/05/05 20:11:05 [error] 11980#0: *117048893 open() "/home/bitrix/www/uploads/phpimage.php" failed (2: No such file or directory), client: 172.69.135.105, server: _, request: "GET /uploads/phpimage.php HTTP/1.1", host: "port4lio.pro"
2025/05/05 20:11:27 [error] 11981#0: *117049820 open() "/home/bitrix/www/uploads/test.php" failed (2: No such file or directory), client: 172.71.154.20, server: _, request: "GET /uploads/test.php HTTP/1.1", host: "port4lio.pro"
2025/05/05 20:11:35 [error] 11978#0: *117049193 open() "/home/bitrix/www/uploads/403.php" failed (2: No such file or directory), client: 172.69.22.148, server: _, request: "GET /uploads/403.php HTTP/1.1", host: "port4lio.pro"
2025/05/05 20:11:38 [error] 11980#0: *117048893 open() "/home/bitrix/www/uploads/owlmailer.php" failed (2: No such file or directory), client: 172.69.135.105, server: _, request: "GET /uploads/owlmailer.php HTTP/1.1", host: "port4lio.pro"
2025/05/05 20:11:39 [error] 11978#0: *117049193 open() "/home/bitrix/www/uploads/phUploader.php" failed (2: No such file or directory), client: 172.69.22.148, server: _, request: "GET /uploads/phUploader.php HTTP/1.1", host: "port4lio.pro"
2025/05/05 20:12:23 [error] 11981#0: *117049820 open() "/home/bitrix/www/uploads/abstract_login.php" failed (2: No such file or directory), client: 172.71.154.20, server: _, request: "GET /uploads/abstract_login.php HTTP/1.1", host: "port4lio.pro"
2025/05/05 20:13:10 [error] 11983#0: *117048394 open() "/home/bitrix/www/uploads_demo/blog/wp-atom.php" failed (2: No such file or directory), client: 172.71.159.59, server: _, request: "GET /uploads_demo/blog/wp-atom.php HTTP/1.1", host: "port4lio.pro"
2025/05/05 20:13:42 [error] 11980#0: *117048893 open() "/home/bitrix/www/uploads/update_with_pics.php" failed (2: No such file or directory), client: 172.69.135.105, server: _, request: "GET /uploads/update_with_pics.php HTTP/1.1", host: "port4lio.pro"
2025/05/05 20:15:05 [error] 11977#0: *117051117 "/home/bitrix/www/upload/image/index.php" is not found (2: No such file or directory), client: 172.69.135.128, server: _, request: "GET /upload/image/ HTTP/1.1", host: "port4lio.pro"
2025/05/05 20:16:10 [error] 11977#0: *117051113 "/home/bitrix/www/uploads/index.php" is not found (2: No such file or directory), client: 172.71.154.235, server: _, request: "GET /uploads/ HTTP/1.1", host: "port4lio.pro"
2025/05/05 20:29:36 [error] 11977#0: *117055402 access forbidden by rule, client: 172.69.134.77, server: _, request: "GET /admin/.git/config HTTP/1.1", host: "port4lio.pro"
2025/05/05 20:29:37 [error] 11976#0: *117055116 access forbidden by rule, client: 172.69.23.108, server: _, request: "GET /administrator/.git/config HTTP/1.1", host: "port4lio.pro"
2025/05/05 20:29:38 [error] 11982#0: *117055658 access forbidden by rule, client: 162.158.167.83, server: _, request: "GET /amphtml/.git/config HTTP/1.1", host: "port4lio.pro"
2025/05/05 20:29:40 [error] 11977#0: *117055659 access forbidden by rule, client: 172.71.158.190, server: _, request: "GET /aomanalyzer/.git/config HTTP/1.1", host: "port4lio.pro"
2025/05/05 20:29:41 [error] 11976#0: *117055660 access forbidden by rule, client: 172.71.154.134, server: _, request: "GET /api/.git/config HTTP/1.1", host: "port4lio.pro"
2025/05/05 20:29:42 [error] 11979#0: *117055665 access forbidden by rule, client: 172.71.158.55, server: _, request: "GET /app/config/.git/config HTTP/1.1", host: "port4lio.pro"
2025/05/05 20:29:43 [error] 11977#0: *117055668 access forbidden by rule, client: 172.71.154.234, server: _, request: "GET /app/dev/.git/config HTTP/1.1", host: "port4lio.pro"
2025/05/05 20:29:45 [error] 11981#0: *117055669 access forbidden by rule, client: 172.71.158.45, server: _, request: "GET /app/frontend/.git/config HTTP/1.1", host: "port4lio.pro"
2025/05/05 20:29:45 [error] 11977#0: *117055670 access forbidden by rule, client: 172.69.135.39, server: _, request: "GET /app/.git/config HTTP/1.1", host: "port4lio.pro"
2025/05/05 20:29:48 [error] 11977#0: *117055673 access forbidden by rule, client: 172.71.154.70, server: _, request: "GET /application/.git/config HTTP/1.1", host: "port4lio.pro"
2025/05/05 20:29:48 [error] 11976#0: *117055674 access forbidden by rule, client: 172.71.154.95, server: _, request: "GET /app/resources/.git/config HTTP/1.1", host: "port4lio.pro"
2025/05/05 20:29:50 [error] 11977#0: *117055675 access forbidden by rule, client: 172.69.22.153, server: _, request: "GET /assets../.git/config HTTP/1.1", host: "port4lio.pro"
2025/05/05 20:29:50 [error] 11977#0: *117055676 access forbidden by rule, client: 172.71.158.77, server: _, request: "GET /auth/.git/config HTTP/1.1", host: "port4lio.pro"
2025/05/05 20:29:53 [error] 11981#0: *117055680 access forbidden by rule, client: 172.71.159.4, server: _, request: "GET /backup/.git/config HTTP/1.1", host: "port4lio.pro"
2025/05/05 20:29:54 [error] 11981#0: *117055681 access forbidden by rule, client: 162.158.167.151, server: _, request: "GET /blog/.git/config HTTP/1.1", host: "port4lio.pro"
2025/05/05 20:29:55 [error] 11977#0: *117055682 access forbidden by rule, client: 172.71.155.13, server: _, request: "GET /blog/wp-content/themes/.git/config HTTP/1.1", host: "port4lio.pro"
2025/05/05 20:29:55 [error] 11982#0: *117055684 access forbidden by rule, client: 172.71.158.41, server: _, request: "GET /build/.git/config HTTP/1.1", host: "port4lio.pro"
2025/05/05 20:29:56 [error] 11977#0: *117055656 access forbidden by rule, client: 172.71.154.154, server: _, request: "GET /build_tool/.git/config HTTP/1.1", host: "port4lio.pro"
2025/05/05 20:29:57 [error] 11977#0: *117055687 access forbidden by rule, client: 172.69.134.50, server: _, request: "GET /cache/.git/config HTTP/1.1", host: "port4lio.pro"
2025/05/05 20:29:58 [error] 11977#0: *117055670 access forbidden by rule, client: 172.69.135.39, server: _, request: "GET /ci/cd/.git/config HTTP/1.1", host: "port4lio.pro"
2025/05/05 20:29:58 [error] 11977#0: *117055656 access forbidden by rule, client: 172.71.154.154, server: _, request: "GET /ci/.git/config HTTP/1.1", host: "port4lio.pro"
2025/05/05 20:30:00 [error] 11981#0: *117055690 access forbidden by rule, client: 172.69.135.46, server: _, request: "GET /client/.git/config HTTP/1.1", host: "port4lio.pro"
2025/05/05 20:30:01 [error] 11981#0: *117055691 access forbidden by rule, client: 172.71.159.59, server: _, request: "GET /cms/.git/config HTTP/1.1", host: "port4lio.pro"
2025/05/05 20:30:01 [error] 11978#0: *117055692 access forbidden by rule, client: 172.71.158.30, server: _, request: "GET /config_files/.git/config HTTP/1.1", host: "port4lio.pro"
2025/05/05 20:30:02 [error] 11977#0: *117055695 access forbidden by rule, client: 172.69.23.155, server: _, request: "GET /config/.git/config HTTP/1.1", host: "port4lio.pro"
2025/05/05 20:30:05 [error] 11977#0: *117055700 access forbidden by rule, client: 172.71.158.109, server: _, request: "GET /console/.git/config HTTP/1.1", host: "port4lio.pro"
2025/05/05 20:30:06 [error] 11981#0: *117055690 access forbidden by rule, client: 172.69.135.46, server: _, request: "GET /content../.git/config HTTP/1.1", host: "port4lio.pro"
2025/05/05 20:30:07 [error] 11977#0: *117055703 access forbidden by rule, client: 172.71.158.118, server: _, request: "GET /core/config/.git/config HTTP/1.1", host: "port4lio.pro"
2025/05/05 20:30:08 [error] 11981#0: *117055691 access forbidden by rule, client: 172.71.159.59, server: _, request: "GET /core/.git/config HTTP/1.1", host: "port4lio.pro"
2025/05/05 20:30:09 [error] 11981#0: *117055704 access forbidden by rule, client: 172.69.23.191, server: _, request: "GET /dashboard/.git/config HTTP/1.1", host: "port4lio.pro"
2025/05/05 20:30:10 [error] 11976#0: *117055674 access forbidden by rule, client: 172.71.154.95, server: _, request: "GET /data/config/.git/config HTTP/1.1", host: "port4lio.pro"
2025/05/05 20:30:10 [error] 11977#0: *117055687 access forbidden by rule, client: 172.69.134.50, server: _, request: "GET /data/.git/config HTTP/1.1", host: "port4lio.pro"
2025/05/05 20:30:11 [error] 11977#0: *117055402 access forbidden by rule, client: 172.69.134.77, server: _, request: "GET /data/private/.git/config HTTP/1.1", host: "port4lio.pro"
2025/05/05 20:30:11 [error] 11979#0: *117055106 access forbidden by rule, client: 172.69.135.84, server: _, request: "GET /data/processing/.git/config HTTP/1.1", host: "port4lio.pro"
2025/05/05 20:30:12 [error] 11978#0: *117055692 access forbidden by rule, client: 172.71.158.30, server: _, request: "GET /data/staging/.git/config HTTP/1.1", host: "port4lio.pro"
2025/05/05 20:30:13 [error] 11977#0: *117055695 access forbidden by rule, client: 172.69.23.155, server: _, request: "GET /deploy/.git/config HTTP/1.1", host: "port4lio.pro"
2025/05/05 20:30:14 [error] 11977#0: *117055676 access forbidden by rule, client: 172.71.158.77, server: _, request: "GET /dev/backup/.git/config HTTP/1.1", host: "port4lio.pro"
2025/05/05 20:30:15 [error] 11977#0: *117055709 access forbidden by rule, client: 172.71.158.250, server: _, request: "GET /dev/.git/config HTTP/1.1", host: "port4lio.pro"
2025/05/05 20:30:16 [error] 11981#0: *117055712 access forbidden by rule, client: 172.69.134.32, server: _, request: "GET /devops/.git/config HTTP/1.1", host: "port4lio.pro"
2025/05/05 20:30:18 [error] 11977#0: *117055713 access forbidden by rule, client: 172.69.135.32, server: _, request: "GET /docker/.git/config HTTP/1.1", host: "port4lio.pro"
2025/05/05 20:30:20 [error] 11977#0: *117055696 access forbidden by rule, client: 172.69.135.54, server: _, request: "GET /drupal/.git/config HTTP/1.1", host: "port4lio.pro"
2025/05/05 20:30:22 [error] 11981#0: *117055777 access forbidden by rule, client: 172.69.23.57, server: _, request: "GET /files/.git/config HTTP/1.1", host: "port4lio.pro"
2025/05/05 20:30:24 [error] 11977#0: *117055695 access forbidden by rule, client: 172.69.23.155, server: _, request: "GET /flock/.git/config HTTP/1.1", host: "port4lio.pro"
2025/05/05 20:30:25 [error] 11982#0: *117055658 access forbidden by rule, client: 162.158.167.83, server: _, request: "GET /.git/ HTTP/1.1", host: "port4lio.pro"
2025/05/05 20:30:25 [error] 11977#0: *117055687 access forbidden by rule, client: 172.69.134.50, server: _, request: "GET /.gitattributes HTTP/1.1", host: "port4lio.pro"
2025/05/05 20:30:26 [error] 11977#0: *117055685 access forbidden by rule, client: 172.71.154.190, server: _, request: "GET /.git/config HTTP/1.1", host: "port4lio.pro"
2025/05/05 20:30:27 [error] 11977#0: *117055687 access forbidden by rule, client: 172.69.134.50, server: _, request: "GET /.git/HEAD HTTP/1.1", host: "port4lio.pro"
2025/05/05 20:30:28 [error] 11981#0: *117055772 access forbidden by rule, client: 172.71.154.133, server: _, request: "GET /.git/hooks/ HTTP/1.1", host: "port4lio.pro"
2025/05/05 20:30:29 [error] 11981#0: *117055890 access forbidden by rule, client: 172.71.154.214, server: _, request: "GET /.gitignore HTTP/1.1", host: "port4lio.pro"
2025/05/05 20:30:30 [error] 11981#0: *117055729 access forbidden by rule, client: 172.69.134.20, server: _, request: "GET /.git/index HTTP/1.1", host: "port4lio.pro"
2025/05/05 20:30:32 [error] 11977#0: *117055682 access forbidden by rule, client: 172.71.155.13, server: _, request: "GET /.git/logs/HEAD HTTP/1.1", host: "port4lio.pro"
2025/05/05 20:30:33 [error] 11981#0: *117055950 access forbidden by rule, client: 162.158.167.110, server: _, request: "GET /.gitmodules HTTP/1.1", host: "port4lio.pro"
2025/05/05 20:30:34 [error] 11981#0: *117055950 access forbidden by rule, client: 162.158.167.110, server: _, request: "GET /.git/objects/ HTTP/1.1", host: "port4lio.pro"
2025/05/05 20:30:35 [error] 11981#0: *117055690 access forbidden by rule, client: 172.69.135.46, server: _, request: "GET /.git/refs/ HTTP/1.1", host: "port4lio.pro"
2025/05/05 20:30:36 [error] 11983#0: *117055726 access forbidden by rule, client: 172.71.155.65, server: _, request: "GET /.git/refs/heads/ HTTP/1.1", host: "port4lio.pro"
2025/05/05 20:30:37 [error] 11981#0: *117056001 access forbidden by rule, client: 162.158.167.219, server: _, request: "GET /.git/refs/tags/ HTTP/1.1", host: "port4lio.pro"
2025/05/05 20:30:38 [error] 11976#0: *117055660 access forbidden by rule, client: 172.71.154.134, server: _, request: "GET /home/.git/config HTTP/1.1", host: "port4lio.pro"
2025/05/05 20:30:39 [error] 11983#0: *117056033 access forbidden by rule, client: 162.158.166.252, server: _, request: "GET /html/.git/config HTTP/1.1", host: "port4lio.pro"
2025/05/05 20:30:40 [error] 11983#0: *117055847 access forbidden by rule, client: 172.69.135.105, server: _, request: "GET /images../.git/config HTTP/1.1", host: "port4lio.pro"
2025/05/05 20:30:40 [error] 11977#0: *117055656 access forbidden by rule, client: 172.71.154.154, server: _, request: "GET /images/.git/config HTTP/1.1", host: "port4lio.pro"
2025/05/05 20:30:45 [error] 11982#0: *117055778 access forbidden by rule, client: 162.158.166.217, server: _, request: "GET /img../.git/config HTTP/1.1", host: "port4lio.pro"
2025/05/05 20:30:45 [error] 11977#0: *117055682 access forbidden by rule, client: 172.71.155.13, server: _, request: "GET /includes/.git/config HTTP/1.1", host: "port4lio.pro"
2025/05/05 20:30:47 [error] 11983#0: *117056136 access forbidden by rule, client: 172.71.154.250, server: _, request: "GET /infra/.git/config HTTP/1.1", host: "port4lio.pro"
2025/05/05 20:30:47 [error] 11977#0: *117055844 access forbidden by rule, client: 172.71.154.21, server: _, request: "GET /integration/.git/config HTTP/1.1", host: "port4lio.pro"
2025/05/05 20:30:49 [error] 11981#0: *117055093 access forbidden by rule, client: 172.69.134.55, server: _, request: "GET /internal/.git/config HTTP/1.1", host: "port4lio.pro"
2025/05/05 20:30:50 [error] 11979#0: *117055665 access forbidden by rule, client: 172.71.158.55, server: _, request: "GET /js/.git/config HTTP/1.1", host: "port4lio.pro"
2025/05/05 20:30:52 [error] 11977#0: *117055906 access forbidden by rule, client: 162.158.167.193, server: _, request: "GET /lib../.git/config HTTP/1.1", host: "port4lio.pro"
2025/05/05 20:30:53 [error] 11977#0: *117055659 access forbidden by rule, client: 172.71.158.190, server: _, request: "GET /lib/.git/config HTTP/1.1", host: "port4lio.pro"
2025/05/05 20:30:54 [error] 11979#0: *117055106 access forbidden by rule, client: 172.69.135.84, server: _, request: "GET /lib/js/.git/config HTTP/1.1", host: "port4lio.pro"
2025/05/05 20:30:55 [error] 11980#0: *117055850 access forbidden by rule, client: 162.158.167.212, server: _, request: "GET /lib/python/.git/config HTTP/1.1", host: "port4lio.pro"
2025/05/05 20:30:55 [error] 11981#0: *117055753 access forbidden by rule, client: 162.158.167.65, server: _, request: "GET /live/.git/config HTTP/1.1", host: "port4lio.pro"
2025/05/05 20:30:56 [error] 11981#0: *117055093 access forbidden by rule, client: 172.69.134.55, server: _, request: "GET /login/.git/config HTTP/1.1", host: "port4lio.pro"
2025/05/05 20:30:57 [error] 11981#0: *117055950 access forbidden by rule, client: 162.158.167.110, server: _, request: "GET /logs/archived/.git/config HTTP/1.1", host: "port4lio.pro"
2025/05/05 20:30:58 [error] 11977#0: *117055676 access forbidden by rule, client: 172.71.158.77, server: _, request: "GET /logs/current/.git/config HTTP/1.1", host: "port4lio.pro"
2025/05/05 20:30:58 [error] 11977#0: *117055675 access forbidden by rule, client: 172.69.22.153, server: _, request: "GET /logs/temp/.git/config HTTP/1.1", host: "port4lio.pro"
2025/05/05 20:30:59 [error] 11981#0: *117055938 access forbidden by rule, client: 172.71.158.210, server: _, request: "GET /__macosx/.git/config HTTP/1.1", host: "port4lio.pro"
2025/05/05 20:31:00 [error] 11977#0: *117056189 access forbidden by rule, client: 162.158.167.128, server: _, request: "GET /magento/.git/config HTTP/1.1", host: "port4lio.pro"
2025/05/05 20:31:00 [error] 11981#0: *117056266 access forbidden by rule, client: 172.71.159.51, server: _, request: "GET /main/.git/config HTTP/1.1", host: "port4lio.pro"
2025/05/05 20:31:01 [error] 11981#0: *117055691 access forbidden by rule, client: 172.71.159.59, server: _, request: "GET /media../.git/config HTTP/1.1", host: "port4lio.pro"
2025/05/05 20:31:02 [error] 11981#0: *117055917 access forbidden by rule, client: 172.69.22.126, server: _, request: "GET /media/.git/config HTTP/1.1", host: "port4lio.pro"
2025/05/05 20:31:03 [error] 11981#0: *117055787 access forbidden by rule, client: 172.69.134.72, server: _, request: "GET /member/.git/config HTTP/1.1", host: "port4lio.pro"
2025/05/05 20:31:04 [error] 11977#0: *117056271 access forbidden by rule, client: 172.69.134.218, server: _, request: "GET /migrations/.git/config HTTP/1.1", host: "port4lio.pro"
2025/05/05 20:31:05 [error] 11981#0: *117055938 access forbidden by rule, client: 172.71.158.210, server: _, request: "GET /misc/.git/config HTTP/1.1", host: "port4lio.pro"
2025/05/05 20:31:06 [error] 11982#0: *117055797 access forbidden by rule, client: 172.69.135.150, server: _, request: "GET /modules/api/.git/config HTTP/1.1", host: "port4lio.pro"
2025/05/05 20:31:08 [error] 11983#0: *117055741 access forbidden by rule, client: 172.71.154.170, server: _, request: "GET /modules/auth/.git/config HTTP/1.1", host: "port4lio.pro"
2025/05/05 20:31:09 [error] 11977#0: *117055687 access forbidden by rule, client: 172.69.134.50, server: _, request: "GET /modules/db/.git/config HTTP/1.1", host: "port4lio.pro"
2025/05/05 20:31:10 [error] 11982#0: *117055797 access forbidden by rule, client: 172.69.135.150, server: _, request: "GET /modules/.git/config HTTP/1.1", host: "port4lio.pro"
2025/05/05 20:31:11 [error] 11981#0: *117056001 access forbidden by rule, client: 162.158.167.219, server: _, request: "GET /modules/utils/.git/config HTTP/1.1", host: "port4lio.pro"
2025/05/05 20:31:13 [error] 11977#0: *117056269 access forbidden by rule, client: 172.69.23.107, server: _, request: "GET /partners/.git/config HTTP/1.1", host: "port4lio.pro"
2025/05/05 20:31:14 [error] 11981#0: *117055093 access forbidden by rule, client: 172.69.134.55, server: _, request: "GET /platform/.git/config HTTP/1.1", host: "port4lio.pro"
2025/05/05 20:31:15 [error] 11978#0: *117055757 access forbidden by rule, client: 172.69.23.11, server: _, request: "GET /portal/.git/config HTTP/1.1", host: "port4lio.pro"
2025/05/05 20:31:16 [error] 11977#0: *117055695 access forbidden by rule, client: 172.69.23.155, server: _, request: "GET /private/.git/config HTTP/1.1", host: "port4lio.pro"
2025/05/05 20:31:17 [error] 11981#0: *117055736 access forbidden by rule, client: 162.158.167.10, server: _, request: "GET /prod/config/.git/config HTTP/1.1", host: "port4lio.pro"
2025/05/05 20:31:18 [error] 11977#0: *117055803 access forbidden by rule, client: 162.158.167.177, server: _, request: "GET /prod/.git/config HTTP/1.1", host: "port4lio.pro"
2025/05/05 20:31:19 [error] 11983#0: *117055741 access forbidden by rule, client: 172.71.154.170, server: _, request: "GET /production/.git/config HTTP/1.1", host: "port4lio.pro"
2025/05/05 20:31:21 [error] 11981#0: *117056001 access forbidden by rule, client: 162.158.167.219, server: _, request: "GET /project/backend/.git/config HTTP/1.1", host: "port4lio.pro"
2025/05/05 20:31:22 [error] 11983#0: *117055726 access forbidden by rule, client: 172.71.155.65, server: _, request: "GET /project/frontend/.git/config HTTP/1.1", host: "port4lio.pro"
2025/05/05 20:31:23 [error] 11976#0: *117055660 access forbidden by rule, client: 172.71.154.134, server: _, request: "GET /project/.git/config HTTP/1.1", host: "port4lio.pro"
2025/05/05 20:31:24 [error] 11977#0: *117055402 access forbidden by rule, client: 172.69.134.77, server: _, request: "GET /public/.git/config HTTP/1.1", host: "port4lio.pro"
2025/05/05 20:31:25 [error] 11981#0: *117056176 access forbidden by rule, client: 172.69.23.48, server: _, request: "GET /public_html/.git/config HTTP/1.1", host: "port4lio.pro"
