%PDF- %PDF-
Mini Shell

Mini Shell

Direktori : /proc/self/root/proc/self/root/proc/12173/task/12173/root/var/log/nginx/
Upload File :
Create Path :
Current File : //proc/self/root/proc/self/root/proc/12173/task/12173/root/var/log/nginx/error.log

2025/05/21 03:34:46 [error] 3654#0: *123349127 access forbidden by rule, client: 35.203.210.163, server: _, request: "GET / HTTP/1.1", host: "138.197.215.222:8893"
2025/05/21 04:01:45 [crit] 3654#0: *123357543 SSL_do_handshake() failed (SSL: error:141CF06C:SSL routines:tls_parse_ctos_key_share:bad key share) while SSL handshaking, client: 185.242.226.157, server: 0.0.0.0:443
2025/05/21 04:10:51 [error] 3654#0: *123360222 access forbidden by rule, client: 172.69.134.50, server: _, request: "GET /.git/HEAD HTTP/1.1", host: "port4lio.pro"
2025/05/21 04:11:08 [error] 3654#0: *123360092 access forbidden by rule, client: 172.71.158.41, server: _, request: "GET /.git/ HTTP/1.1", host: "port4lio.pro"
2025/05/21 04:11:08 [error] 3654#0: *123360100 access forbidden by rule, client: 172.69.135.84, server: _, request: "GET /.git/COMMIT_EDITMSG HTTP/1.1", host: "port4lio.pro"
2025/05/21 04:11:08 [error] 3654#0: *123360089 access forbidden by rule, client: 172.69.23.47, server: _, request: "GET /.git/FETCH_HEAD HTTP/1.1", host: "port4lio.pro"
2025/05/21 04:11:08 [error] 3654#0: *123360092 access forbidden by rule, client: 172.71.158.41, server: _, request: "GET /.git/HEAD HTTP/1.1", host: "port4lio.pro"
2025/05/21 04:11:09 [error] 3654#0: *123360100 access forbidden by rule, client: 172.69.135.84, server: _, request: "GET /.git/ORIG_HEAD HTTP/1.1", host: "port4lio.pro"
2025/05/21 04:11:09 [error] 3654#0: *123360086 access forbidden by rule, client: 172.71.155.66, server: _, request: "GET /.git/config HTTP/1.1", host: "port4lio.pro"
2025/05/21 04:11:09 [error] 3654#0: *123360100 access forbidden by rule, client: 172.69.135.84, server: _, request: "GET /.git/description HTTP/1.1", host: "port4lio.pro"
2025/05/21 04:11:09 [error] 3654#0: *123360086 access forbidden by rule, client: 172.71.155.66, server: _, request: "GET /.git/hooks/post-commit HTTP/1.1", host: "port4lio.pro"
2025/05/21 04:11:09 [error] 3654#0: *123360086 access forbidden by rule, client: 172.71.155.66, server: _, request: "GET /.git/hooks/pre-commit HTTP/1.1", host: "port4lio.pro"
2025/05/21 04:11:09 [error] 3654#0: *123360092 access forbidden by rule, client: 172.71.158.41, server: _, request: "GET /.git/hooks/pre-push HTTP/1.1", host: "port4lio.pro"
2025/05/21 04:11:10 [error] 3654#0: *123360098 access forbidden by rule, client: 162.158.167.204, server: _, request: "GET /.git/index HTTP/1.1", host: "port4lio.pro"
2025/05/21 04:11:10 [error] 3654#0: *123360089 access forbidden by rule, client: 172.69.23.47, server: _, request: "GET /.git/info/exclude HTTP/1.1", host: "port4lio.pro"
2025/05/21 04:11:10 [error] 3654#0: *123360092 access forbidden by rule, client: 172.71.158.41, server: _, request: "GET /.git/logs/HEAD HTTP/1.1", host: "port4lio.pro"
2025/05/21 04:11:10 [error] 3654#0: *123360089 access forbidden by rule, client: 172.69.23.47, server: _, request: "GET /.git/logs/refs/heads/master HTTP/1.1", host: "port4lio.pro"
2025/05/21 04:11:10 [error] 3654#0: *123360092 access forbidden by rule, client: 172.71.158.41, server: _, request: "GET /.git/logs/refs/remotes/origin/HEAD HTTP/1.1", host: "port4lio.pro"
2025/05/21 04:11:10 [error] 3654#0: *123360100 access forbidden by rule, client: 172.69.135.84, server: _, request: "GET /.git/objects/ HTTP/1.1", host: "port4lio.pro"
2025/05/21 04:11:16 [error] 3654#0: *123360086 access forbidden by rule, client: 172.71.155.66, server: _, request: "GET /.git/packed-refs HTTP/1.1", host: "port4lio.pro"
2025/05/21 04:11:16 [error] 3654#0: *123360100 access forbidden by rule, client: 172.69.135.84, server: _, request: "GET /.git/refs/ HTTP/1.1", host: "port4lio.pro"
2025/05/21 04:11:16 [error] 3654#0: *123360092 access forbidden by rule, client: 172.71.158.41, server: _, request: "GET /.git/refs/heads/ HTTP/1.1", host: "port4lio.pro"
2025/05/21 04:11:16 [error] 3654#0: *123360098 access forbidden by rule, client: 162.158.167.204, server: _, request: "GET /.git/refs/remotes/ HTTP/1.1", host: "port4lio.pro"
2025/05/21 04:11:21 [error] 3654#0: *123360098 access forbidden by rule, client: 162.158.167.204, server: _, request: "GET /.git/refs/stash HTTP/1.1", host: "port4lio.pro"
2025/05/21 04:11:21 [error] 3654#0: *123360098 access forbidden by rule, client: 162.158.167.204, server: _, request: "GET /.git/refs/tags/ HTTP/1.1", host: "port4lio.pro"
2025/05/21 04:11:22 [error] 3654#0: *123360086 access forbidden by rule, client: 172.71.155.66, server: _, request: "GET /.gitattributes HTTP/1.1", host: "port4lio.pro"
2025/05/21 04:11:22 [error] 3654#0: *123360092 access forbidden by rule, client: 172.71.158.41, server: _, request: "GET /.gitignore HTTP/1.1", host: "port4lio.pro"
2025/05/21 04:11:22 [error] 3654#0: *123360100 access forbidden by rule, client: 172.69.135.84, server: _, request: "GET /.gitkeep HTTP/1.1", host: "port4lio.pro"
2025/05/21 04:11:22 [error] 3654#0: *123360100 access forbidden by rule, client: 172.69.135.84, server: _, request: "GET /.gitmodules HTTP/1.1", host: "port4lio.pro"
2025/05/21 04:11:33 [error] 3653#0: *123360555 open() "/home/bitrix/www/admin/controllers/merchant.js" failed (2: No such file or directory), client: 172.69.23.167, server: _, request: "GET /admin/controllers/merchant.js HTTP/1.1", host: "port4lio.pro"
2025/05/21 04:11:33 [error] 3652#0: *123360558 open() "/home/bitrix/www/admin/controllers/partner.js" failed (2: No such file or directory), client: 172.71.154.51, server: _, request: "GET /admin/controllers/partner.js HTTP/1.1", host: "port4lio.pro"
2025/05/21 04:11:41 [error] 3654#0: *123360678 open() "/home/bitrix/www/api/config.js" failed (2: No such file or directory), client: 172.69.22.111, server: _, request: "GET /api/config.js HTTP/1.1", host: "port4lio.pro"
2025/05/21 04:12:03 [error] 3651#0: *123360613 open() "/home/bitrix/www/apis/config/config.js" failed (2: No such file or directory), client: 172.69.135.157, server: _, request: "GET /apis/config/config.js HTTP/1.1", host: "port4lio.pro"
2025/05/21 04:12:08 [error] 3654#0: *123360825 open() "/home/bitrix/www/apis/controllers/users.js" failed (2: No such file or directory), client: 162.158.167.166, server: _, request: "GET /apis/controllers/users.js HTTP/1.1", host: "port4lio.pro"
2025/05/21 04:12:08 [error] 3653#0: *123360826 open() "/home/bitrix/www/app.js" failed (2: No such file or directory), client: 172.71.158.201, server: _, request: "GET /app.js HTTP/1.1", host: "port4lio.pro"
2025/05/21 04:12:21 [error] 3655#0: *123360847 open() "/home/bitrix/www/cloud/Scraper.js" failed (2: No such file or directory), client: 172.69.134.8, server: _, request: "GET /cloud/Scraper.js HTTP/1.1", host: "port4lio.pro"
2025/05/21 04:12:28 [error] 3655#0: *123360859 open() "/home/bitrix/www/config.js" failed (2: No such file or directory), client: 172.71.159.24, server: _, request: "GET /config.js HTTP/1.1", host: "port4lio.pro"
2025/05/21 04:12:30 [error] 3655#0: *123360866 open() "/home/bitrix/www/config/constants.js" failed (2: No such file or directory), client: 172.69.22.229, server: _, request: "GET /config/constants.js HTTP/1.1", host: "port4lio.pro"
2025/05/21 04:12:39 [error] 3652#0: *123360874 open() "/home/bitrix/www/configs/routes-4aug.js" failed (2: No such file or directory), client: 162.158.167.106, server: _, request: "GET /configs/routes-4aug.js HTTP/1.1", host: "port4lio.pro"
2025/05/21 04:12:39 [error] 3656#0: *123360875 open() "/home/bitrix/www/configs/routes.js" failed (2: No such file or directory), client: 162.158.167.134, server: _, request: "GET /configs/routes.js HTTP/1.1", host: "port4lio.pro"
2025/05/21 04:12:39 [error] 3656#0: *123360884 open() "/home/bitrix/www/controller/admin/post.js" failed (2: No such file or directory), client: 162.158.166.225, server: _, request: "GET /controller/admin/post.js HTTP/1.1", host: "port4lio.pro"
2025/05/21 04:12:40 [error] 3658#0: *123360892 open() "/home/bitrix/www/controller/api/post.js" failed (2: No such file or directory), client: 162.158.167.196, server: _, request: "GET /controller/api/post.js HTTP/1.1", host: "port4lio.pro"
2025/05/21 04:12:46 [error] 3652#0: *123360969 open() "/home/bitrix/www/controllers/settings.js" failed (2: No such file or directory), client: 162.158.166.209, server: _, request: "GET /controllers/settings.js HTTP/1.1", host: "port4lio.pro"
2025/05/21 04:13:13 [error] 3654#0: *123361277 open() "/home/bitrix/www/gatsby-config.js" failed (2: No such file or directory), client: 172.69.134.63, server: _, request: "GET /gatsby-config.js HTTP/1.1", host: "port4lio.pro"
2025/05/21 04:13:14 [error] 3654#0: *123360825 open() "/home/bitrix/www/helper.js" failed (2: No such file or directory), client: 162.158.167.166, server: _, request: "GET /helper.js HTTP/1.1", host: "port4lio.pro"
2025/05/21 04:13:14 [error] 3655#0: *123361288 open() "/home/bitrix/www/helper/EmailHelper.js" failed (2: No such file or directory), client: 172.71.154.167, server: _, request: "GET /helper/EmailHelper.js HTTP/1.1", host: "port4lio.pro"
2025/05/21 04:13:19 [error] 3655#0: *123361294 open() "/home/bitrix/www/helpers/utility.js" failed (2: No such file or directory), client: 172.71.159.34, server: _, request: "GET /helpers/utility.js HTTP/1.1", host: "port4lio.pro"
2025/05/21 04:13:26 [error] 3654#0: *123361301 open() "/home/bitrix/www/index.js" failed (2: No such file or directory), client: 172.69.135.151, server: _, request: "GET /index.js HTTP/1.1", host: "port4lio.pro"
2025/05/21 04:13:32 [error] 3655#0: *123361308 open() "/home/bitrix/www/js/main.js" failed (2: No such file or directory), client: 172.71.158.209, server: _, request: "GET /js/main.js HTTP/1.1", host: "port4lio.pro"
2025/05/21 04:14:04 [error] 3654#0: *123361324 open() "/home/bitrix/www/main.js" failed (2: No such file or directory), client: 172.71.159.10, server: _, request: "GET /main.js HTTP/1.1", host: "port4lio.pro"
2025/05/21 04:14:08 [error] 3655#0: *123361331 open() "/home/bitrix/www/mytest/astech_robot.js" failed (2: No such file or directory), client: 172.69.23.150, server: _, request: "GET /mytest/astech_robot.js HTTP/1.1", host: "port4lio.pro"
2025/05/21 04:14:11 [error] 3655#0: *123361341 open() "/home/bitrix/www/partner/config/config.js" failed (2: No such file or directory), client: 162.158.167.182, server: _, request: "GET /partner/config/config.js HTTP/1.1", host: "port4lio.pro"
2025/05/21 04:14:21 [error] 3655#0: *123361357 open() "/home/bitrix/www/public/js/main.js" failed (2: No such file or directory), client: 172.71.154.79, server: _, request: "GET /public/js/main.js HTTP/1.1", host: "port4lio.pro"
2025/05/21 04:14:21 [error] 3653#0: *123361360 open() "/home/bitrix/www/s3.js" failed (2: No such file or directory), client: 172.71.158.76, server: _, request: "GET /s3.js HTTP/1.1", host: "port4lio.pro"
2025/05/21 04:14:21 [error] 3655#0: *123361363 open() "/home/bitrix/www/scripts/nodemailer.js" failed (2: No such file or directory), client: 172.69.135.125, server: _, request: "GET /scripts/nodemailer.js HTTP/1.1", host: "port4lio.pro"
2025/05/21 04:14:28 [error] 3655#0: *123361450 open() "/home/bitrix/www/server.js" failed (2: No such file or directory), client: 172.69.135.159, server: _, request: "GET /server.js HTTP/1.1", host: "port4lio.pro"
2025/05/21 04:14:33 [error] 3654#0: *123361514 open() "/home/bitrix/www/server/config/database.js" failed (2: No such file or directory), client: 172.69.134.65, server: _, request: "GET /server/config/database.js HTTP/1.1", host: "port4lio.pro"
2025/05/21 04:14:33 [error] 3651#0: *123361517 open() "/home/bitrix/www/server/s3.js" failed (2: No such file or directory), client: 172.71.154.114, server: _, request: "GET /server/s3.js HTTP/1.1", host: "port4lio.pro"
2025/05/21 04:14:34 [error] 3655#0: *123361533 open() "/home/bitrix/www/shared/config/config.js" failed (2: No such file or directory), client: 172.71.158.193, server: _, request: "GET /shared/config/config.js HTTP/1.1", host: "port4lio.pro"
2025/05/21 04:14:41 [error] 3654#0: *123361613 open() "/home/bitrix/www/static/js/2.ca066a4b.chunk.js" failed (2: No such file or directory), client: 172.71.155.11, server: _, request: "GET /static/js/2.ca066a4b.chunk.js HTTP/1.1", host: "port4lio.pro"
2025/05/21 04:14:41 [error] 3655#0: *123361616 open() "/home/bitrix/www/static/js/main.141b0494.js" failed (2: No such file or directory), client: 162.158.167.116, server: _, request: "GET /static/js/main.141b0494.js HTTP/1.1", host: "port4lio.pro"
2025/05/21 04:14:41 [error] 3655#0: *123361619 open() "/home/bitrix/www/static/js/main.e85f7a37.js" failed (2: No such file or directory), client: 172.69.134.6, server: _, request: "GET /static/js/main.e85f7a37.js HTTP/1.1", host: "port4lio.pro"
2025/05/21 04:14:42 [error] 3654#0: *123361633 open() "/home/bitrix/www/swagger.js" failed (2: No such file or directory), client: 172.71.154.254, server: _, request: "GET /swagger.js HTTP/1.1", host: "port4lio.pro"
2025/05/21 04:14:43 [error] 3655#0: *123361645 open() "/home/bitrix/www/user/config/config.js" failed (2: No such file or directory), client: 172.71.155.33, server: _, request: "GET /user/config/config.js HTTP/1.1", host: "port4lio.pro"
2025/05/21 04:14:43 [error] 3654#0: *123361652 open() "/home/bitrix/www/user/controllers/index.js" failed (2: No such file or directory), client: 172.71.154.138, server: _, request: "GET /user/controllers/index.js HTTP/1.1", host: "port4lio.pro"
2025/05/21 04:15:19 [error] 3654#0: *123360092 open() "/home/bitrix/www/uploads/.env" failed (2: No such file or directory), client: 172.71.158.41, server: _, request: "GET /uploads/.env HTTP/1.1", host: "port4lio.pro"
2025/05/21 04:15:50 [error] 3654#0: *123360086 access forbidden by rule, client: 172.71.155.66, server: _, request: "GET /.git/logs/HEAD HTTP/1.1", host: "port4lio.pro"
2025/05/21 04:15:50 [error] 3654#0: *123360098 access forbidden by rule, client: 162.158.167.204, server: _, request: "GET /.git/info/exclude HTTP/1.1", host: "port4lio.pro"
2025/05/21 04:15:57 [error] 3654#0: *123360092 access forbidden by rule, client: 172.71.158.41, server: _, request: "GET /.gitattributes HTTP/1.1", host: "port4lio.pro"
2025/05/21 04:16:15 [error] 3654#0: *123360098 access forbidden by rule, client: 162.158.167.204, server: _, request: "GET /.git/refs/heads/ HTTP/1.1", host: "port4lio.pro"
2025/05/21 04:16:16 [error] 3654#0: *123360089 access forbidden by rule, client: 172.69.23.47, server: _, request: "GET /.git/hooks/pre-push HTTP/1.1", host: "port4lio.pro"
2025/05/21 04:16:19 [error] 3654#0: *123360089 access forbidden by rule, client: 172.69.23.47, server: _, request: "GET /.git/refs/remotes/ HTTP/1.1", host: "port4lio.pro"
2025/05/21 04:16:39 [error] 3654#0: *123360100 access forbidden by rule, client: 172.69.135.84, server: _, request: "GET /.git/hooks/pre-commit HTTP/1.1", host: "port4lio.pro"
2025/05/21 04:16:40 [error] 3654#0: *123360089 access forbidden by rule, client: 172.69.23.47, server: _, request: "GET /.git/HEAD HTTP/1.1", host: "port4lio.pro"
2025/05/21 04:17:15 [error] 3654#0: *123360098 access forbidden by rule, client: 162.158.167.204, server: _, request: "GET /.git/FETCH_HEAD HTTP/1.1", host: "port4lio.pro"
2025/05/21 04:17:27 [error] 3654#0: *123360517 access forbidden by rule, client: 172.71.155.66, server: _, request: "GET /.git/refs/stash HTTP/1.1", host: "port4lio.pro"
2025/05/21 04:17:40 [error] 3654#0: *123360098 access forbidden by rule, client: 162.158.167.204, server: _, request: "GET /.git/hooks/post-commit HTTP/1.1", host: "port4lio.pro"
2025/05/21 04:17:54 [error] 3654#0: *123360098 access forbidden by rule, client: 162.158.167.204, server: _, request: "GET /.gitmodules HTTP/1.1", host: "port4lio.pro"
2025/05/21 04:18:14 [error] 3654#0: *123360517 access forbidden by rule, client: 172.71.155.66, server: _, request: "GET /.git/COMMIT_EDITMSG HTTP/1.1", host: "port4lio.pro"
2025/05/21 04:18:40 [error] 3654#0: *123360089 access forbidden by rule, client: 172.69.23.47, server: _, request: "GET /.git/refs/tags/ HTTP/1.1", host: "port4lio.pro"
2025/05/21 04:19:02 [error] 3654#0: *123360086 access forbidden by rule, client: 172.71.155.66, server: _, request: "GET /.git/config HTTP/1.1", host: "port4lio.pro"
2025/05/21 04:19:07 [error] 3655#0: *123363180 access forbidden by rule, client: 172.69.135.84, server: _, request: "GET /.git/index HTTP/1.1", host: "port4lio.pro"
2025/05/21 04:19:29 [error] 3655#0: *123363445 access forbidden by rule, client: 162.158.167.204, server: _, request: "GET /.git/logs/refs/heads/master HTTP/1.1", host: "port4lio.pro"
2025/05/21 04:19:38 [error] 3655#0: *123363445 access forbidden by rule, client: 162.158.167.204, server: _, request: "GET /.git/logs/refs/remotes/origin/HEAD HTTP/1.1", host: "port4lio.pro"
2025/05/21 04:19:50 [error] 3652#0: *123363513 access forbidden by rule, client: 172.71.154.135, server: _, request: "GET /.gitlab-ci/.env HTTP/1.1", host: "port4lio.pro"
2025/05/21 04:19:57 [error] 3652#0: *123363513 access forbidden by rule, client: 172.71.154.135, server: _, request: "GET /.git/refs/ HTTP/1.1", host: "port4lio.pro"
2025/05/21 04:20:12 [error] 3654#0: *123363515 access forbidden by rule, client: 172.69.134.32, server: _, request: "GET /.git/packed-refs HTTP/1.1", host: "port4lio.pro"
2025/05/21 04:20:52 [error] 3654#0: *123363519 access forbidden by rule, client: 162.158.166.230, server: _, request: "GET /.gitignore HTTP/1.1", host: "port4lio.pro"
2025/05/21 04:21:02 [error] 3654#0: *123363511 access forbidden by rule, client: 172.71.158.109, server: _, request: "GET /.gitkeep HTTP/1.1", host: "port4lio.pro"
2025/05/21 04:21:47 [error] 3654#0: *123363511 access forbidden by rule, client: 172.71.158.109, server: _, request: "GET /.git/objects/ HTTP/1.1", host: "port4lio.pro"
2025/05/21 04:22:02 [error] 3654#0: *123364384 open() "/home/bitrix/www/bitrix/js/webdebug.utilities/shell.js" failed (2: No such file or directory), client: 162.158.167.196, server: _, request: "GET /bitrix/js/webdebug.utilities/shell.js HTTP/1.1", host: "port4lio.pro"
2025/05/21 04:29:55 [crit] 3652#0: *123366763 SSL_do_handshake() failed (SSL: error:141CF06C:SSL routines:tls_parse_ctos_key_share:bad key share) while SSL handshaking, client: 185.242.226.157, server: 0.0.0.0:443
2025/05/21 05:05:10 [error] 3652#0: *123376966 access forbidden by rule, client: 172.69.134.72, server: _, request: "GET /admin/.git/config HTTP/2.0", host: "port4lio.pro"
2025/05/21 05:05:10 [error] 3654#0: *123376968 access forbidden by rule, client: 162.158.167.105, server: _, request: "GET /api/v1/.git/config HTTP/2.0", host: "port4lio.pro"
2025/05/21 05:05:12 [error] 3654#0: *123376981 access forbidden by rule, client: 172.69.22.81, server: _, request: "GET /gateway/.git/config HTTP/2.0", host: "port4lio.pro"
2025/05/21 05:05:12 [error] 3656#0: *123376984 access forbidden by rule, client: 162.158.166.231, server: _, request: "GET /temp/.git/config HTTP/2.0", host: "port4lio.pro"
2025/05/21 05:05:13 [error] 3655#0: *123377006 access forbidden by rule, client: 162.158.167.204, server: _, request: "GET //.git/config HTTP/2.0", host: "port4lio.pro"
2025/05/21 05:05:13 [error] 3655#0: *123377012 access forbidden by rule, client: 172.69.22.237, server: _, request: "GET /port4lio/.git/config HTTP/2.0", host: "port4lio.pro"
2025/05/21 05:05:14 [error] 3652#0: *123376966 access forbidden by rule, client: 172.69.134.72, server: _, request: "GET /administrator/.git/config HTTP/2.0", host: "port4lio.pro"
2025/05/21 05:05:14 [error] 3654#0: *123377014 access forbidden by rule, client: 172.69.23.156, server: _, request: "GET /amphtml/.git/config HTTP/2.0", host: "port4lio.pro"
2025/05/21 05:05:14 [error] 3652#0: *123377016 access forbidden by rule, client: 162.158.167.219, server: _, request: "GET /aomanalyzer/.git/config HTTP/2.0", host: "port4lio.pro"
2025/05/21 05:05:14 [error] 3654#0: *123377017 access forbidden by rule, client: 172.71.158.221, server: _, request: "GET /app/config/.git/config HTTP/2.0", host: "port4lio.pro"
2025/05/21 05:05:14 [error] 3655#0: *123377019 access forbidden by rule, client: 172.69.134.218, server: _, request: "GET /app/dev/.git/config HTTP/2.0", host: "port4lio.pro"
2025/05/21 05:05:14 [error] 3654#0: *123377021 access forbidden by rule, client: 172.71.154.191, server: _, request: "GET /app/frontend/.git/config HTTP/2.0", host: "port4lio.pro"
2025/05/21 05:05:14 [error] 3656#0: *123376984 access forbidden by rule, client: 162.158.166.231, server: _, request: "GET /app/.git/config HTTP/2.0", host: "port4lio.pro"
2025/05/21 05:05:14 [error] 3654#0: *123376211 access forbidden by rule, client: 162.158.167.188, server: _, request: "GET /application/.git/config HTTP/2.0", host: "port4lio.pro"
2025/05/21 05:05:14 [error] 3653#0: *123377024 access forbidden by rule, client: 172.71.154.135, server: _, request: "GET /app/resources/.git/config HTTP/2.0", host: "port4lio.pro"
2025/05/21 05:05:14 [error] 3652#0: *123376966 access forbidden by rule, client: 172.69.134.72, server: _, request: "GET /assets../.git/config HTTP/2.0", host: "port4lio.pro"
2025/05/21 05:05:14 [error] 3654#0: *123377032 access forbidden by rule, client: 172.71.159.59, server: _, request: "GET /auth/.git/config HTTP/2.0", host: "port4lio.pro"
2025/05/21 05:05:15 [error] 3654#0: *123376211 access forbidden by rule, client: 162.158.167.188, server: _, request: "GET /backup/.git/config HTTP/2.0", host: "port4lio.pro"
2025/05/21 05:05:15 [error] 3654#0: *123376707 access forbidden by rule, client: 172.71.158.109, server: _, request: "GET /blog/.git/config HTTP/2.0", host: "port4lio.pro"
2025/05/21 05:05:15 [error] 3652#0: *123376966 access forbidden by rule, client: 172.69.134.72, server: _, request: "GET /blog/wp-content/themes/.git/config HTTP/2.0", host: "port4lio.pro"
2025/05/21 05:05:17 [error] 3651#0: *123376711 access forbidden by rule, client: 172.69.135.106, server: _, request: "GET /build/.git/config HTTP/2.0", host: "port4lio.pro"
2025/05/21 05:05:17 [error] 3652#0: *123376949 access forbidden by rule, client: 172.69.134.51, server: _, request: "GET /build_tool/.git/config HTTP/2.0", host: "port4lio.pro"
2025/05/21 05:05:17 [error] 3654#0: *123377063 access forbidden by rule, client: 172.69.23.107, server: _, request: "GET /cache/.git/config HTTP/2.0", host: "port4lio.pro"
2025/05/21 05:05:17 [error] 3652#0: *123377065 access forbidden by rule, client: 172.69.23.58, server: _, request: "GET /ci/cd/.git/config HTTP/2.0", host: "port4lio.pro"
2025/05/21 05:05:17 [error] 3654#0: *123376728 access forbidden by rule, client: 172.69.22.193, server: _, request: "GET /ci/.git/config HTTP/2.0", host: "port4lio.pro"
2025/05/21 05:05:17 [error] 3651#0: *123377071 access forbidden by rule, client: 172.71.155.13, server: _, request: "GET /client/.git/config HTTP/2.0", host: "port4lio.pro"
2025/05/21 05:05:19 [error] 3653#0: *123377084 access forbidden by rule, client: 172.71.154.20, server: _, request: "GET /cms/.git/config HTTP/2.0", host: "port4lio.pro"
2025/05/21 05:05:20 [error] 3654#0: *123376728 access forbidden by rule, client: 172.69.22.193, server: _, request: "GET /config_files/.git/config HTTP/2.0", host: "port4lio.pro"
2025/05/21 05:05:20 [error] 3655#0: *123377098 access forbidden by rule, client: 172.69.22.126, server: _, request: "GET /config/.git/config HTTP/2.0", host: "port4lio.pro"
2025/05/21 05:05:20 [error] 3652#0: *123377104 access forbidden by rule, client: 172.69.135.46, server: _, request: "GET /console/.git/config HTTP/2.0", host: "port4lio.pro"
2025/05/21 05:05:20 [error] 3654#0: *123377107 access forbidden by rule, client: 172.71.154.70, server: _, request: "GET /content../.git/config HTTP/2.0", host: "port4lio.pro"
2025/05/21 05:05:20 [error] 3652#0: *123377016 access forbidden by rule, client: 162.158.167.219, server: _, request: "GET /core/config/.git/config HTTP/2.0", host: "port4lio.pro"
2025/05/21 05:05:20 [error] 3658#0: *123377115 access forbidden by rule, client: 162.158.167.176, server: _, request: "GET /core/.git/config HTTP/2.0", host: "port4lio.pro"
2025/05/21 05:05:21 [error] 3655#0: *123377122 access forbidden by rule, client: 172.69.134.76, server: _, request: "GET /dashboard/.git/config HTTP/2.0", host: "port4lio.pro"
2025/05/21 05:05:21 [error] 3656#0: *123376984 access forbidden by rule, client: 162.158.166.231, server: _, request: "GET /data/config/.git/config HTTP/2.0", host: "port4lio.pro"
2025/05/21 05:05:21 [error] 3652#0: *123377104 access forbidden by rule, client: 172.69.135.46, server: _, request: "GET /data/.git/config HTTP/2.0", host: "port4lio.pro"
2025/05/21 05:05:21 [error] 3654#0: *123376213 access forbidden by rule, client: 172.71.159.51, server: _, request: "GET /data/private/.git/config HTTP/2.0", host: "port4lio.pro"
2025/05/21 05:05:24 [error] 3654#0: *123377161 access forbidden by rule, client: 172.69.22.170, server: _, request: "GET /data/processing/.git/config HTTP/2.0", host: "port4lio.pro"
2025/05/21 05:05:24 [error] 3652#0: *123377164 access forbidden by rule, client: 172.71.158.65, server: _, request: "GET /data/staging/.git/config HTTP/2.0", host: "port4lio.pro"
2025/05/21 05:05:25 [error] 3654#0: *123377166 access forbidden by rule, client: 162.158.167.14, server: _, request: "GET /deploy/.git/config HTTP/2.0", host: "port4lio.pro"
2025/05/21 05:05:25 [error] 3655#0: *123377167 access forbidden by rule, client: 162.158.167.207, server: _, request: "GET /dev/backup/.git/config HTTP/2.0", host: "port4lio.pro"
2025/05/21 05:05:27 [error] 3655#0: *123377197 access forbidden by rule, client: 162.158.167.66, server: _, request: "GET /dev/.git/config HTTP/2.0", host: "port4lio.pro"
2025/05/21 05:05:27 [error] 3654#0: *123377199 access forbidden by rule, client: 162.158.166.249, server: _, request: "GET /devops/.git/config HTTP/2.0", host: "port4lio.pro"
2025/05/21 05:05:27 [error] 3655#0: *123377200 access forbidden by rule, client: 172.69.135.54, server: _, request: "GET /docker/.git/config HTTP/2.0", host: "port4lio.pro"
2025/05/21 05:05:27 [error] 3652#0: *123377202 access forbidden by rule, client: 172.69.23.192, server: _, request: "GET /drupal/.git/config HTTP/2.0", host: "port4lio.pro"
2025/05/21 05:05:27 [error] 3654#0: *123377199 access forbidden by rule, client: 162.158.166.249, server: _, request: "GET /files/.git/config HTTP/2.0", host: "port4lio.pro"
2025/05/21 05:05:27 [error] 3655#0: *123377204 access forbidden by rule, client: 172.71.154.112, server: _, request: "GET /flock/.git/config HTTP/2.0", host: "port4lio.pro"
2025/05/21 05:05:27 [error] 3658#0: *123377115 access forbidden by rule, client: 162.158.167.176, server: _, request: "GET /home/.git/config HTTP/2.0", host: "port4lio.pro"
2025/05/21 05:05:27 [error] 3656#0: *123377206 access forbidden by rule, client: 172.71.154.234, server: _, request: "GET /html/.git/config HTTP/2.0", host: "port4lio.pro"
2025/05/21 05:05:27 [error] 3655#0: *123377197 access forbidden by rule, client: 162.158.167.66, server: _, request: "GET /images../.git/config HTTP/2.0", host: "port4lio.pro"
2025/05/21 05:05:30 [error] 3652#0: *123377016 access forbidden by rule, client: 162.158.167.219, server: _, request: "GET /images/.git/config HTTP/2.0", host: "port4lio.pro"
2025/05/21 05:05:30 [error] 3654#0: *123377211 access forbidden by rule, client: 172.71.158.201, server: _, request: "GET /img../.git/config HTTP/2.0", host: "port4lio.pro"
2025/05/21 05:05:30 [error] 3652#0: *123377065 access forbidden by rule, client: 172.69.23.58, server: _, request: "GET /includes/.git/config HTTP/2.0", host: "port4lio.pro"
2025/05/21 05:05:30 [error] 3655#0: *123377212 access forbidden by rule, client: 172.69.134.32, server: _, request: "GET /infra/.git/config HTTP/2.0", host: "port4lio.pro"
2025/05/21 05:05:31 [error] 3654#0: *123377213 access forbidden by rule, client: 162.158.167.87, server: _, request: "GET /integration/.git/config HTTP/2.0", host: "port4lio.pro"
2025/05/21 05:05:31 [error] 3654#0: *123377213 access forbidden by rule, client: 162.158.167.87, server: _, request: "GET /internal/.git/config HTTP/2.0", host: "port4lio.pro"
2025/05/21 05:05:31 [error] 3651#0: *123377071 access forbidden by rule, client: 172.71.155.13, server: _, request: "GET /js/.git/config HTTP/2.0", host: "port4lio.pro"
2025/05/21 05:05:31 [error] 3655#0: *123377200 access forbidden by rule, client: 172.69.135.54, server: _, request: "GET /lib../.git/config HTTP/2.0", host: "port4lio.pro"
2025/05/21 05:05:31 [error] 3654#0: *123376728 access forbidden by rule, client: 172.69.22.193, server: _, request: "GET /lib/.git/config HTTP/2.0", host: "port4lio.pro"
2025/05/21 05:05:31 [error] 3652#0: *123377016 access forbidden by rule, client: 162.158.167.219, server: _, request: "GET /lib/js/.git/config HTTP/2.0", host: "port4lio.pro"
2025/05/21 05:05:31 [error] 3655#0: *123377006 access forbidden by rule, client: 162.158.167.204, server: _, request: "GET /lib/python/.git/config HTTP/2.0", host: "port4lio.pro"
2025/05/21 05:05:35 [error] 3654#0: *123377215 access forbidden by rule, client: 172.71.154.155, server: _, request: "GET /live/.git/config HTTP/2.0", host: "port4lio.pro"
2025/05/21 05:05:38 [error] 3651#0: *123376711 access forbidden by rule, client: 172.69.135.106, server: _, request: "GET /login/.git/config HTTP/2.0", host: "port4lio.pro"
2025/05/21 05:05:39 [error] 3654#0: *123377166 access forbidden by rule, client: 162.158.167.14, server: _, request: "GET /logs/archived/.git/config HTTP/2.0", host: "port4lio.pro"
2025/05/21 05:05:39 [error] 3654#0: *123377161 access forbidden by rule, client: 172.69.22.170, server: _, request: "GET /logs/current/.git/config HTTP/2.0", host: "port4lio.pro"
2025/05/21 05:05:40 [error] 3654#0: *123376968 access forbidden by rule, client: 162.158.167.105, server: _, request: "GET /logs/temp/.git/config HTTP/2.0", host: "port4lio.pro"
2025/05/21 05:05:40 [error] 3654#0: *123377219 access forbidden by rule, client: 172.69.135.127, server: _, request: "GET /__macosx/.git/config HTTP/2.0", host: "port4lio.pro"
2025/05/21 05:05:40 [error] 3651#0: *123376711 access forbidden by rule, client: 172.69.135.106, server: _, request: "GET /magento/.git/config HTTP/2.0", host: "port4lio.pro"
2025/05/21 05:05:40 [error] 3654#0: *123376697 access forbidden by rule, client: 172.71.155.65, server: _, request: "GET /main/.git/config HTTP/2.0", host: "port4lio.pro"
2025/05/21 05:05:40 [error] 3652#0: *123377164 access forbidden by rule, client: 172.71.158.65, server: _, request: "GET /media../.git/config HTTP/2.0", host: "port4lio.pro"
2025/05/21 05:05:42 [error] 3654#0: *123376224 access forbidden by rule, client: 172.69.23.11, server: _, request: "GET /media/.git/config HTTP/2.0", host: "port4lio.pro"
2025/05/21 05:05:43 [error] 3655#0: *123377200 access forbidden by rule, client: 172.69.135.54, server: _, request: "GET /member/.git/config HTTP/2.0", host: "port4lio.pro"
2025/05/21 05:05:43 [error] 3656#0: *123376984 access forbidden by rule, client: 162.158.166.231, server: _, request: "GET /migrations/.git/config HTTP/2.0", host: "port4lio.pro"
2025/05/21 05:05:43 [error] 3652#0: *123377016 access forbidden by rule, client: 162.158.167.219, server: _, request: "GET /misc/.git/config HTTP/2.0", host: "port4lio.pro"
2025/05/21 05:05:44 [error] 3655#0: *123376705 access forbidden by rule, client: 172.69.22.94, server: _, request: "GET /modules/api/.git/config HTTP/2.0", host: "port4lio.pro"
2025/05/21 05:05:46 [error] 3654#0: *123377216 access forbidden by rule, client: 172.71.158.30, server: _, request: "GET /modules/auth/.git/config HTTP/2.0", host: "port4lio.pro"
2025/05/21 05:05:47 [error] 3654#0: *123376211 access forbidden by rule, client: 162.158.167.188, server: _, request: "GET /modules/db/.git/config HTTP/2.0", host: "port4lio.pro"
2025/05/21 05:05:48 [error] 3654#0: *123376968 access forbidden by rule, client: 162.158.167.105, server: _, request: "GET /modules/.git/config HTTP/2.0", host: "port4lio.pro"
2025/05/21 05:05:48 [error] 3654#0: *123377213 access forbidden by rule, client: 162.158.167.87, server: _, request: "GET /modules/utils/.git/config HTTP/2.0", host: "port4lio.pro"
2025/05/21 05:05:49 [error] 3654#0: *123376730 access forbidden by rule, client: 172.71.158.44, server: _, request: "GET /partners/.git/config HTTP/2.0", host: "port4lio.pro"
2025/05/21 05:05:50 [error] 3655#0: *123377229 access forbidden by rule, client: 172.71.158.210, server: _, request: "GET /platform/.git/config HTTP/2.0", host: "port4lio.pro"
2025/05/21 05:05:51 [error] 3654#0: *123377230 access forbidden by rule, client: 162.158.167.100, server: _, request: "GET /portal/.git/config HTTP/2.0", host: "port4lio.pro"
2025/05/21 05:05:52 [error] 3654#0: *123376211 access forbidden by rule, client: 162.158.167.188, server: _, request: "GET /private/.git/config HTTP/2.0", host: "port4lio.pro"
2025/05/21 05:05:53 [error] 3655#0: *123377197 access forbidden by rule, client: 162.158.167.66, server: _, request: "GET /prod/config/.git/config HTTP/2.0", host: "port4lio.pro"
2025/05/21 05:05:54 [error] 3654#0: *123377021 access forbidden by rule, client: 172.71.154.191, server: _, request: "GET /prod/.git/config HTTP/2.0", host: "port4lio.pro"
2025/05/21 05:05:55 [error] 3655#0: *123377167 access forbidden by rule, client: 162.158.167.207, server: _, request: "GET /production/.git/config HTTP/2.0", host: "port4lio.pro"
2025/05/21 05:05:55 [error] 3655#0: *123377006 access forbidden by rule, client: 162.158.167.204, server: _, request: "GET /project/backend/.git/config HTTP/2.0", host: "port4lio.pro"
2025/05/21 05:05:55 [error] 3655#0: *123377006 access forbidden by rule, client: 162.158.167.204, server: _, request: "GET /project/frontend/.git/config HTTP/2.0", host: "port4lio.pro"
2025/05/21 05:05:55 [error] 3654#0: *123377233 access forbidden by rule, client: 172.69.134.20, server: _, request: "GET /project/.git/config HTTP/2.0", host: "port4lio.pro"
2025/05/21 05:05:56 [error] 3652#0: *123377234 access forbidden by rule, client: 172.71.154.193, server: _, request: "GET /public/.git/config HTTP/2.0", host: "port4lio.pro"
2025/05/21 05:05:56 [error] 3654#0: *123377216 access forbidden by rule, client: 172.71.158.30, server: _, request: "GET /public_html/.git/config HTTP/2.0", host: "port4lio.pro"
2025/05/21 05:05:56 [error] 3655#0: *123377237 access forbidden by rule, client: 172.69.22.148, server: _, request: "GET /qa/.git/config HTTP/2.0", host: "port4lio.pro"
2025/05/21 05:05:58 [error] 3655#0: *123377122 access forbidden by rule, client: 172.69.134.76, server: _, request: "GET /releases/.git/config HTTP/2.0", host: "port4lio.pro"
2025/05/21 05:05:59 [error] 3654#0: *123377241 access forbidden by rule, client: 172.69.135.39, server: _, request: "GET /repo/.git/config HTTP/2.0", host: "port4lio.pro"
2025/05/21 05:06:00 [error] 3652#0: *123377104 access forbidden by rule, client: 172.69.135.46, server: _, request: "GET /resource/.git/config HTTP/2.0", host: "port4lio.pro"
2025/05/21 05:06:00 [error] 3655#0: *123377122 access forbidden by rule, client: 172.69.134.76, server: _, request: "GET /samples/.git/config HTTP/2.0", host: "port4lio.pro"
2025/05/21 05:06:00 [error] 3654#0: *123377233 access forbidden by rule, client: 172.69.134.20, server: _, request: "GET /sandbox/.git/config HTTP/2.0", host: "port4lio.pro"
2025/05/21 05:06:00 [error] 3652#0: *123377234 access forbidden by rule, client: 172.71.154.193, server: _, request: "GET /scripts/dev/.git/config HTTP/2.0", host: "port4lio.pro"
2025/05/21 05:06:01 [error] 3654#0: *123377161 access forbidden by rule, client: 172.69.22.170, server: _, request: "GET /scripts/.git/config HTTP/2.0", host: "port4lio.pro"
2025/05/21 05:06:01 [error] 3655#0: *123377237 access forbidden by rule, client: 172.69.22.148, server: _, request: "GET /server/backup/.git/config HTTP/2.0", host: "port4lio.pro"
2025/05/21 05:06:01 [error] 3652#0: *123377234 access forbidden by rule, client: 172.71.154.193, server: _, request: "GET /server/.git/config HTTP/2.0", host: "port4lio.pro"
2025/05/21 05:06:04 [error] 3655#0: *123377006 access forbidden by rule, client: 162.158.167.204, server: _, request: "GET /services/.git/config HTTP/2.0", host: "port4lio.pro"
2025/05/21 05:06:05 [error] 3654#0: *123377215 access forbidden by rule, client: 172.71.154.155, server: _, request: "GET /sources/.git/config HTTP/2.0", host: "port4lio.pro"
2025/05/21 05:06:05 [error] 3655#0: *123377098 access forbidden by rule, client: 172.69.22.126, server: _, request: "GET /src/.git/config HTTP/2.0", host: "port4lio.pro"
2025/05/21 05:06:05 [error] 3654#0: *123377063 access forbidden by rule, client: 172.69.23.107, server: _, request: "GET /staging_area/.git/config HTTP/2.0", host: "port4lio.pro"
2025/05/21 05:06:06 [error] 3653#0: *123377248 access forbidden by rule, client: 172.71.154.250, server: _, request: "GET /staging_environment/.git/config HTTP/2.0", host: "port4lio.pro"
2025/05/21 05:06:06 [error] 3654#0: *123376968 access forbidden by rule, client: 162.158.167.105, server: _, request: "GET /staging/.git/config HTTP/2.0", host: "port4lio.pro"
2025/05/21 05:06:06 [error] 3654#0: *123377230 access forbidden by rule, client: 162.158.167.100, server: _, request: "GET /static/content/.git/config HTTP/2.0", host: "port4lio.pro"
2025/05/21 05:06:06 [error] 3651#0: *123376711 access forbidden by rule, client: 172.69.135.106, server: _, request: "GET /static/files/.git/config HTTP/2.0", host: "port4lio.pro"
2025/05/21 05:06:06 [error] 3654#0: *123377107 access forbidden by rule, client: 172.71.154.70, server: _, request: "GET /static../.git/config HTTP/2.0", host: "port4lio.pro"
2025/05/21 05:06:06 [error] 3654#0: *123377166 access forbidden by rule, client: 162.158.167.14, server: _, request: "GET /support/.git/config HTTP/2.0", host: "port4lio.pro"
2025/05/21 05:06:07 [error] 3652#0: *123376949 access forbidden by rule, client: 172.69.134.51, server: _, request: "GET /system/.git/config HTTP/2.0", host: "port4lio.pro"
2025/05/21 05:06:07 [error] 3654#0: *123377211 access forbidden by rule, client: 172.71.158.201, server: _, request: "GET /temp/.git/config HTTP/2.0", host: "port4lio.pro"
2025/05/21 05:06:07 [error] 3654#0: *123376211 access forbidden by rule, client: 162.158.167.188, server: _, request: "GET /templates/.git/config HTTP/2.0", host: "port4lio.pro"
2025/05/21 05:06:07 [error] 3654#0: *123377032 access forbidden by rule, client: 172.71.159.59, server: _, request: "GET /test_configs/.git/config HTTP/2.0", host: "port4lio.pro"
2025/05/21 05:06:08 [error] 3652#0: *123377016 access forbidden by rule, client: 162.158.167.219, server: _, request: "GET /test_environment/.git/config HTTP/2.0", host: "port4lio.pro"
2025/05/21 05:06:12 [error] 3655#0: *123375835 access forbidden by rule, client: 162.158.167.29, server: _, request: "GET /test/.git/config HTTP/2.0", host: "port4lio.pro"
2025/05/21 05:06:12 [error] 3655#0: *123377229 access forbidden by rule, client: 172.71.158.210, server: _, request: "GET /tools/.git/config HTTP/2.0", host: "port4lio.pro"
2025/05/21 05:06:13 [error] 3652#0: *123376949 access forbidden by rule, client: 172.69.134.51, server: _, request: "GET /user_area/.git/config HTTP/2.0", host: "port4lio.pro"
2025/05/21 05:06:13 [error] 3654#0: *123377166 access forbidden by rule, client: 162.158.167.14, server: _, request: "GET /user_backend/.git/config HTTP/2.0", host: "port4lio.pro"
2025/05/21 05:06:14 [error] 3654#0: *123377253 access forbidden by rule, client: 172.69.135.150, server: _, request: "GET /user/.git/config HTTP/2.0", host: "port4lio.pro"
2025/05/21 05:06:16 [error] 3654#0: *123377215 access forbidden by rule, client: 172.71.154.155, server: _, request: "GET /user_panel/.git/config HTTP/2.0", host: "port4lio.pro"
2025/05/21 05:06:17 [error] 3655#0: *123377019 access forbidden by rule, client: 172.69.134.218, server: _, request: "GET /web/.git/config HTTP/2.0", host: "port4lio.pro"
2025/05/21 05:06:18 [error] 3655#0: *123377255 access forbidden by rule, client: 172.71.158.119, server: _, request: "GET /wp-content/.git/config HTTP/2.0", host: "port4lio.pro"
2025/05/21 05:06:18 [error] 3654#0: *123377161 access forbidden by rule, client: 172.69.22.170, server: _, request: "GET /wp-content/plugins/.git/config HTTP/2.0", host: "port4lio.pro"
2025/05/21 05:06:20 [error] 3654#0: *123377166 access forbidden by rule, client: 162.158.167.14, server: _, request: "GET /wp-content/themes/.git/config HTTP/2.0", host: "port4lio.pro"
2025/05/21 05:06:20 [error] 3655#0: *123377256 access forbidden by rule, client: 162.158.167.40, server: _, request: "GET /www/.git/config HTTP/2.0", host: "port4lio.pro"
2025/05/21 05:07:15 [crit] 3655#0: *123377506 SSL_do_handshake() failed (SSL: error:141CF06C:SSL routines:tls_parse_ctos_key_share:bad key share) while SSL handshaking, client: 185.242.226.157, server: 0.0.0.0:443
2025/05/21 05:25:39 [error] 3654#0: *123382744 open() "/home/bitrix/www/favicon.ico" failed (2: No such file or directory), client: 172.71.154.185, server: _, request: "GET /favicon.ico HTTP/2.0", host: "port4lio.pro", referrer: "https://port4lio.pro/alena_stepanova/"
2025/05/21 05:44:34 [crit] 3653#0: *123388163 SSL_do_handshake() failed (SSL: error:141CF06C:SSL routines:tls_parse_ctos_key_share:bad key share) while SSL handshaking, client: 185.242.226.157, server: 0.0.0.0:443
2025/05/21 06:05:46 [warn] 3654#0: *123393825 an upstream response is buffered to a temporary file /var/cache/nginx/proxy_temp/4/46/0000000464 while reading upstream, client: 172.71.154.251, server: _, request: "GET /bitrix/js/main/loader/radio.php?filesrc=%2F%2Fproc%2F12173%2Ftask%2F12173%2Froot%2Fproc%2F3657%2Ftask%2F3657%2Froot%2Fproc%2Fself%2Froot%2Fusr%2Fshare%2Fhwdata%2Foui.txt&path=%2F%2Fproc%2F12173%2Ftask%2F12173%2Froot%2Fproc%2F3657%2Ftask%2F3657%2Froot%2Fproc%2Fself%2Froot%2Fusr%2Fshare%2Fhwdata HTTP/1.1", upstream: "http://127.0.0.1:8888/bitrix/js/main/loader/radio.php?filesrc=%2F%2Fproc%2F12173%2Ftask%2F12173%2Froot%2Fproc%2F3657%2Ftask%2F3657%2Froot%2Fproc%2Fself%2Froot%2Fusr%2Fshare%2Fhwdata%2Foui.txt&path=%2F%2Fproc%2F12173%2Ftask%2F12173%2Froot%2Fproc%2F3657%2Ftask%2F3657%2Froot%2Fproc%2Fself%2Froot%2Fusr%2Fshare%2Fhwdata", host: "port4lio.pro"

Zerion Mini Shell 1.0