%PDF- %PDF-
Mini Shell

Mini Shell

Direktori : /proc/self/root/var/log/nginx/
Upload File :
Create Path :
Current File : //proc/self/root/var/log/nginx/error.log-20250716

2025/07/15 03:51:29 [error] 3654#0: *149117945 access forbidden by rule, client: 147.185.133.65, server: _, request: "GET / HTTP/1.1", host: "138.197.215.222:8893"
2025/07/15 04:15:26 [error] 3654#0: *149127264 open() "/home/bitrix/www/favicon.ico" failed (2: No such file or directory), client: 206.168.34.58, server: _, request: "GET /favicon.ico HTTP/1.1", host: "138.197.215.222"
2025/07/15 04:15:40 [error] 3654#0: *149127432 open() "/home/bitrix/www/favicon.ico" failed (2: No such file or directory), client: 206.168.34.58, server: _, request: "GET /favicon.ico HTTP/1.1", host: "138.197.215.222"
2025/07/15 05:53:07 [error] 3655#0: *149164679 access forbidden by rule, client: 134.122.93.131, server: _, request: "GET /.git/config HTTP/1.1", host: "138.197.215.222"
2025/07/15 05:57:55 [error] 3655#0: *149165238 open() "/home/bitrix/www/favicon.ico" failed (2: No such file or directory), client: 71.6.158.166, server: _, request: "GET /favicon.ico HTTP/1.1", host: "138.197.215.222"
2025/07/15 06:13:08 [error] 3655#0: *149166036 open() "/home/bitrix/www/upload/login.php" failed (2: No such file or directory), client: 172.71.154.175, server: _, request: "GET /upload/login.php HTTP/1.1", host: "port4lio.pro"
2025/07/15 06:19:46 [error] 3656#0: *149170894 open() "/home/bitrix/www/include/ckeditor/images/addon.gif" failed (2: No such file or directory), client: 162.158.167.217, server: _, request: "GET /include/ckeditor/images/addon.gif HTTP/1.1", host: "port4lio.pro", referrer: "http://port4lio.pro"
2025/07/15 06:19:47 [error] 3654#0: *149171496 open() "/home/bitrix/www/images/loadinglit.gif" failed (2: No such file or directory), client: 172.69.135.64, server: _, request: "GET /images/loadinglit.gif HTTP/1.1", host: "port4lio.pro", referrer: "http://port4lio.pro"
2025/07/15 06:20:09 [error] 3655#0: *149171529 open() "/home/bitrix/www/favicon.ico" failed (2: No such file or directory), client: 172.71.154.184, server: _, request: "GET /favicon.ico HTTP/1.1", host: "port4lio.pro", referrer: "http://port4lio.pro/rachel_leigh"
2025/07/15 06:27:46 [error] 3654#0: *149175141 open() "/home/bitrix/www/favicon.ico" failed (2: No such file or directory), client: 95.108.213.119, server: _, request: "GET /favicon.ico HTTP/1.1", host: "5fbad488-5d19-42d9-b3b6-a58313f6b233.port4lio.pro", referrer: "http://5fbad488-5d19-42d9-b3b6-a58313f6b233.port4lio.pro/products/expostulatively144908?id=22"
2025/07/15 06:30:54 [error] 3654#0: *149176581 access forbidden by rule, client: 199.45.155.97, server: _, request: "GET / HTTP/1.1", host: "138.197.215.222:8894"
2025/07/15 06:31:01 [error] 3654#0: *149176591 access forbidden by rule, client: 199.45.155.97, server: _, request: "GET / HTTP/1.1", host: "138.197.215.222:8894"
2025/07/15 06:31:19 [error] 3654#0: *149176657 access forbidden by rule, client: 199.45.155.97, server: _, request: "GET /favicon.ico HTTP/1.1", host: "138.197.215.222:8894"
2025/07/15 06:31:27 [error] 3654#0: *149176764 access forbidden by rule, client: 199.45.155.97, server: _, request: "GET /wiki HTTP/1.1", host: "138.197.215.222:8894"
2025/07/15 06:50:47 [error] 3654#0: *149185300 access forbidden by rule, client: 206.168.34.119, server: _, request: "GET / HTTP/1.1", host: "138.197.215.222:8893"
2025/07/15 06:51:07 [error] 3654#0: *149185354 access forbidden by rule, client: 206.168.34.119, server: _, request: "GET / HTTP/1.1", host: "138.197.215.222:8893"
2025/07/15 06:51:42 [error] 3655#0: *149185658 access forbidden by rule, client: 206.168.34.119, server: _, request: "GET /favicon.ico HTTP/1.1", host: "138.197.215.222:8893"
2025/07/15 07:02:34 [error] 3654#0: *149190777 open() "/home/bitrix/www/favicon.ico" failed (2: No such file or directory), client: 206.168.34.200, server: _, request: "GET /favicon.ico HTTP/1.1", host: "138.197.215.222"
2025/07/15 07:04:24 [error] 3655#0: *149191722 open() "/home/bitrix/www/favicon.ico" failed (2: No such file or directory), client: 206.168.34.200, server: _, request: "GET /favicon.ico HTTP/1.1", host: "138.197.215.222"
2025/07/15 07:28:02 [error] 3654#0: *149201617 open() "/home/bitrix/www/favicon.ico" failed (2: No such file or directory), client: 172.71.154.184, server: _, request: "GET /favicon.ico HTTP/2.0", host: "port4lio.pro", referrer: "https://port4lio.pro/"
2025/07/15 08:10:20 [error] 3655#0: *149216268 open() "/home/bitrix/www/favicon.ico" failed (2: No such file or directory), client: 143.198.60.76, server: _, request: "GET /favicon.ico HTTP/1.1", host: "2ebcb8de99d2.port4lio.pro", referrer: "http://2ebcb8de99d2.port4lio.pro/"
2025/07/15 08:10:20 [crit] 3651#0: *149216289 SSL_do_handshake() failed (SSL: error:141CF06C:SSL routines:tls_parse_ctos_key_share:bad key share) while SSL handshaking, client: 143.198.60.76, server: 0.0.0.0:443
2025/07/15 08:10:20 [error] 3656#0: *149216290 open() "/home/bitrix/www/favicon.ico" failed (2: No such file or directory), client: 143.198.60.76, server: _, request: "GET /favicon.ico HTTP/1.1", host: "2ebcb8de99d2.port4lio.pro", referrer: "https://2ebcb8de99d2.port4lio.pro/"
2025/07/15 09:12:46 [error] 3654#0: *149240386 open() "/home/bitrix/www/favicon.ico" failed (2: No such file or directory), client: 45.82.78.254, server: _, request: "GET /favicon.ico HTTP/1.1", host: "138.197.215.222"
2025/07/15 09:23:28 [error] 3655#0: *149245047 open() "/home/bitrix/www/favicon.ico" failed (2: No such file or directory), client: 64.62.156.169, server: _, request: "GET /favicon.ico HTTP/1.1", host: "138.197.215.222"
2025/07/15 09:29:23 [error] 3655#0: *149247690 access forbidden by rule, client: 134.122.60.89, server: _, request: "GET /.git/config HTTP/1.1", host: "138.197.215.222"
2025/07/15 11:01:45 [error] 3654#0: *149286886 access forbidden by rule, client: 44.200.56.224, server: _, request: "GET /.git/config HTTP/1.1", host: "138.197.215.222:80"
2025/07/15 11:01:46 [error] 3656#0: *149286887 access forbidden by rule, client: 44.200.56.224, server: _, request: "GET /.git/config HTTP/1.1", host: "138.197.215.222:443"
2025/07/15 11:34:16 [crit] 3651#0: *149301578 SSL_do_handshake() failed (SSL: error:141CF06C:SSL routines:tls_parse_ctos_key_share:bad key share) while SSL handshaking, client: 185.242.226.157, server: 0.0.0.0:443
2025/07/15 11:37:34 [crit] 3658#0: *149302855 SSL_do_handshake() failed (SSL: error:141CF06C:SSL routines:tls_parse_ctos_key_share:bad key share) while SSL handshaking, client: 167.172.89.248, server: 0.0.0.0:443
2025/07/15 12:01:55 [error] 3652#0: *149312308 open() "/home/bitrix/www/favicon.ico" failed (2: No such file or directory), client: 172.71.154.185, server: _, request: "GET /favicon.ico HTTP/2.0", host: "port4lio.pro", referrer: "https://port4lio.pro/rachel_leigh"
2025/07/15 12:13:21 [error] 3655#0: *149316218 open() "/home/bitrix/www/favicon.ico" failed (2: No such file or directory), client: 167.94.146.51, server: _, request: "GET /favicon.ico HTTP/1.1", host: "138.197.215.222"
2025/07/15 12:13:25 [error] 3654#0: *149316226 open() "/home/bitrix/www/favicon.ico" failed (2: No such file or directory), client: 167.94.146.51, server: _, request: "GET /favicon.ico HTTP/1.1", host: "138.197.215.222"
2025/07/15 12:20:07 [error] 3657#0: *149318823 open() "/home/bitrix/www/favicon.ico" failed (2: No such file or directory), client: 43.246.208.35, server: _, request: "GET /favicon.ico HTTP/1.1", host: "138.197.215.222"
2025/07/15 12:34:19 [error] 3654#0: *149324147 open() "/home/bitrix/www/media/system/js/core.js" failed (2: No such file or directory), client: 172.71.154.231, server: _, request: "GET /media/system/js/core.js HTTP/1.1", host: "port4lio.pro"
2025/07/15 12:34:21 [error] 3654#0: *149324173 open() "/home/bitrix/www/wp-includes/js/jquery/jquery.js" failed (2: No such file or directory), client: 172.71.154.128, server: _, request: "GET /wp-includes/js/jquery/jquery.js HTTP/1.1", host: "port4lio.pro"
2025/07/15 12:58:33 [error] 3655#0: *149334156 open() "/home/bitrix/www/favicon.ico" failed (2: No such file or directory), client: 206.168.34.81, server: _, request: "GET /favicon.ico HTTP/1.1", host: "138.197.215.222"
2025/07/15 12:59:14 [error] 3655#0: *149334413 open() "/home/bitrix/www/favicon.ico" failed (2: No such file or directory), client: 206.168.34.81, server: _, request: "GET /favicon.ico HTTP/1.1", host: "138.197.215.222"
2025/07/15 13:01:18 [error] 3655#0: *149335106 open() "/home/bitrix/www/env.prod.js" failed (2: No such file or directory), client: 185.177.72.111, server: _, request: "GET /env.prod.js  HTTP/1.1", host: "138.197.215.222"
2025/07/15 13:01:20 [error] 3655#0: *149335106 open() "/home/bitrix/www/env.test.js" failed (2: No such file or directory), client: 185.177.72.111, server: _, request: "GET /env.test.js  HTTP/1.1", host: "138.197.215.222"
2025/07/15 13:01:58 [error] 3655#0: *149335106 open() "/home/bitrix/www/src/app.js" failed (2: No such file or directory), client: 185.177.72.111, server: _, request: "GET /src/app.js  HTTP/1.1", host: "138.197.215.222"
2025/07/15 13:25:25 [error] 3652#0: *149346262 open() "/home/bitrix/www/favicon.ico" failed (2: No such file or directory), client: 87.236.176.103, server: _, request: "GET /favicon.ico HTTP/2.0", host: "138.197.215.222"
2025/07/15 13:25:26 [error] 3654#0: *149346264 open() "/home/bitrix/www/favicon.ico" failed (2: No such file or directory), client: 45.55.185.224, server: _, request: "GET /favicon.ico HTTP/2.0", host: "138.197.215.222"
2025/07/15 14:10:43 [error] 3652#0: *149365226 open() "/home/bitrix/www/favicon.ico" failed (2: No such file or directory), client: 172.71.154.185, server: _, request: "GET /favicon.ico HTTP/2.0", host: "port4lio.pro", referrer: "https://port4lio.pro/v/21669683790.html"
2025/07/15 14:28:31 [error] 3652#0: *149372640 open() "/home/bitrix/www/favicon.ico" failed (2: No such file or directory), client: 45.82.78.254, server: _, request: "GET /favicon.ico HTTP/2.0", host: "138.197.215.222"
2025/07/15 14:30:10 [error] 3655#0: *149373105 open() "/home/bitrix/www/favicon.ico" failed (2: No such file or directory), client: 172.71.154.184, server: _, request: "GET /favicon.ico HTTP/1.1", host: "port4lio.pro", referrer: "http://port4lio.pro/rachel_leigh"
2025/07/15 14:33:24 [error] 3654#0: *149374245 access forbidden by rule, client: 147.185.132.229, server: _, request: "GET / HTTP/1.1", host: "138.197.215.222:8893"
2025/07/15 14:53:12 [crit] 3653#0: *149382168 SSL_do_handshake() failed (SSL: error:141CF06C:SSL routines:tls_parse_ctos_key_share:bad key share) while SSL handshaking, client: 74.82.47.4, server: 0.0.0.0:443
2025/07/15 14:55:36 [error] 3654#0: *149383181 open() "/home/bitrix/www/favicon.ico" failed (2: No such file or directory), client: 95.108.213.190, server: _, request: "GET /favicon.ico HTTP/1.1", host: "5fbad488-5d19-42d9-b3b6-a58313f6b233.port4lio.pro", referrer: "http://5fbad488-5d19-42d9-b3b6-a58313f6b233.port4lio.pro/products/demilion7696?id=874"
2025/07/15 14:55:57 [error] 3654#0: *149383219 open() "/home/bitrix/www/favicon.ico" failed (2: No such file or directory), client: 74.82.47.4, server: _, request: "GET /favicon.ico HTTP/1.1", host: "138.197.215.222"
2025/07/15 15:00:34 [error] 3654#0: *149384894 open() "/home/bitrix/www/favicon.ico" failed (2: No such file or directory), client: 5.255.231.3, server: _, request: "GET /favicon.ico HTTP/1.1", host: "gate.port4lio.pro", referrer: "http://gate.port4lio.pro/products/leucocytoblast170295?id=314"
2025/07/15 15:00:53 [error] 3655#0: *149385590 open() "/home/bitrix/www/favicon.ico" failed (2: No such file or directory), client: 5.255.231.17, server: _, request: "GET /favicon.ico HTTP/1.1", host: "gate.port4lio.pro", referrer: "https://gate.port4lio.pro/products/infraposition724314?id=226"
2025/07/15 15:07:47 [crit] 3654#0: *149389411 SSL_do_handshake() failed (SSL: error:141CF06C:SSL routines:tls_parse_ctos_key_share:bad key share) while SSL handshaking, client: 5.181.27.147, server: 0.0.0.0:443
2025/07/15 15:08:15 [crit] 3654#0: *149389457 SSL_do_handshake() failed (SSL: error:141CF06C:SSL routines:tls_parse_ctos_key_share:bad key share) while SSL handshaking, client: 107.189.19.172, server: 0.0.0.0:443
2025/07/15 15:12:31 [error] 3654#0: *149391167 access forbidden by rule, client: 74.82.47.4, server: _, request: "GET /.git/config HTTP/1.1", host: "138.197.215.222"
2025/07/15 15:45:05 [crit] 3652#0: *149405041 SSL_do_handshake() failed (SSL: error:141CF06C:SSL routines:tls_parse_ctos_key_share:bad key share) while SSL handshaking, client: 20.65.195.109, server: 0.0.0.0:443
2025/07/15 15:50:09 [error] 3654#0: *149405989 open() "/home/bitrix/www/favicon.ico" failed (2: No such file or directory), client: 172.71.154.184, server: _, request: "GET /favicon.ico HTTP/2.0", host: "port4lio.pro", referrer: "https://port4lio.pro/maria_kuligina/"
2025/07/15 16:11:20 [error] 3655#0: *149414998 open() "/home/bitrix/www/favicon.ico" failed (2: No such file or directory), client: 165.154.226.252, server: _, request: "GET /favicon.ico HTTP/1.1", host: "138.197.215.222:443"
2025/07/15 16:11:25 [error] 3655#0: *149415009 open() "/home/bitrix/www/favicon.ico" failed (2: No such file or directory), client: 176.123.2.62, server: _, request: "GET /favicon.ico HTTP/1.1", host: "138.197.215.222:80"
2025/07/15 16:25:53 [error] 3654#0: *149421216 open() "/home/bitrix/www/favicon.ico" failed (2: No such file or directory), client: 170.64.233.61, server: _, request: "GET /favicon.ico HTTP/1.1", host: "138.197.215.222"
2025/07/15 16:30:32 [crit] 3657#0: *149423228 SSL_do_handshake() failed (SSL: error:141CF06C:SSL routines:tls_parse_ctos_key_share:bad key share) while SSL handshaking, client: 138.68.130.42, server: 0.0.0.0:443
2025/07/15 16:32:48 [error] 3654#0: *149424308 access forbidden by rule, client: 134.122.60.89, server: _, request: "GET /.git/config HTTP/1.1", host: "138.197.215.222"
2025/07/15 16:44:27 [crit] 3653#0: *149431496 SSL_do_handshake() failed (SSL: error:141CF06C:SSL routines:tls_parse_ctos_key_share:bad key share) while SSL handshaking, client: 212.102.40.218, server: 0.0.0.0:8894
2025/07/15 16:49:56 [error] 3655#0: *149434553 access forbidden by rule, client: 172.236.228.245, server: _, request: "GET / HTTP/1.1", host: "138.197.215.222:8893"
2025/07/15 17:07:32 [error] 3656#0: *149441482 access forbidden by rule, client: 172.71.158.220, server: _, request: "GET /.git/config HTTP/2.0", host: "port4lio.pro"
2025/07/15 17:07:32 [error] 3658#0: *149441483 access forbidden by rule, client: 172.71.154.83, server: _, request: "GET /.git/config HTTP/2.0", host: "port4lio.pro"
2025/07/15 17:07:32 [error] 3657#0: *149441486 access forbidden by rule, client: 172.69.22.188, server: _, request: "GET /.git/config HTTP/1.1", host: "port4lio.pro"
2025/07/15 17:07:32 [error] 3653#0: *149441487 access forbidden by rule, client: 172.71.155.52, server: _, request: "GET /.git/config HTTP/1.1", host: "port4lio.pro"
2025/07/15 17:08:54 [error] 3655#0: *149442247 open() "/home/bitrix/www/favicon.ico" failed (2: No such file or directory), client: 172.71.154.184, server: _, request: "GET /favicon.ico HTTP/2.0", host: "port4lio.pro"
2025/07/15 17:58:09 [error] 3655#0: *149464108 open() "/home/bitrix/www/favicon.ico" failed (2: No such file or directory), client: 118.26.111.94, server: _, request: "GET /favicon.ico HTTP/1.1", host: "138.197.215.222"
2025/07/15 17:58:15 [crit] 3656#0: *149464178 SSL_do_handshake() failed (SSL: error:141CF06C:SSL routines:tls_parse_ctos_key_share:bad key share) while SSL handshaking, client: 118.26.111.94, server: 0.0.0.0:443
2025/07/15 18:11:21 [error] 3652#0: *149469382 open() "/home/bitrix/www/bitrix/js/webdebug.utilities/shell.js" failed (2: No such file or directory), client: 172.69.23.220, server: _, request: "GET /bitrix/js/webdebug.utilities/shell.js HTTP/1.1", host: "port4lio.pro"
2025/07/15 18:17:42 [error] 3655#0: *149471814 open() "/home/bitrix/www/favicon.ico" failed (2: No such file or directory), client: 146.190.163.201, server: _, request: "GET /favicon.ico HTTP/1.1", host: "138.197.215.222", referrer: "http://138.197.215.222/"
2025/07/15 18:33:16 [error] 3657#0: *149478338 access forbidden by rule, client: 172.71.158.118, server: _, request: "GET /.git/config HTTP/2.0", host: "port4lio.pro"
2025/07/15 18:40:20 [crit] 3654#0: *149481757 SSL_do_handshake() failed (SSL: error:141CF06C:SSL routines:tls_parse_ctos_key_share:bad key share) while SSL handshaking, client: 182.119.230.207, server: 0.0.0.0:443
2025/07/15 18:40:32 [error] 3654#0: *149481793 open() "/home/bitrix/www/favicon.ico" failed (2: No such file or directory), client: 182.138.158.53, server: _, request: "GET /favicon.ico HTTP/1.1", host: "138.197.215.222"
2025/07/15 18:43:00 [error] 3655#0: *149482885 open() "/home/bitrix/www/favicon.ico" failed (2: No such file or directory), client: 172.69.135.114, server: _, request: "GET /favicon.ico HTTP/1.1", host: "www.port4lio.pro"
2025/07/15 18:52:46 [error] 3653#0: *149487152 open() "/home/bitrix/www/favicon.ico" failed (2: No such file or directory), client: 172.71.154.185, server: _, request: "GET /favicon.ico HTTP/2.0", host: "port4lio.pro", referrer: "https://port4lio.pro/mariya_shchepina/"
2025/07/15 19:22:26 [crit] 3653#0: *149498632 SSL_do_handshake() failed (SSL: error:141CF06C:SSL routines:tls_parse_ctos_key_share:bad key share) while SSL handshaking, client: 209.97.138.244, server: 0.0.0.0:443
2025/07/15 19:22:27 [error] 3651#0: *149498634 open() "/home/bitrix/www/favicon.ico" failed (2: No such file or directory), client: 209.97.138.244, server: _, request: "GET /favicon.ico HTTP/1.1", host: "138.197.215.222", referrer: "https://138.197.215.222/"
2025/07/15 19:38:13 [error] 3655#0: *149505035 open() "/home/bitrix/www/favicon.ico" failed (2: No such file or directory), client: 172.71.154.184, server: _, request: "GET /favicon.ico HTTP/2.0", host: "port4lio.pro", referrer: "https://port4lio.pro/rachel_leigh"
2025/07/15 20:23:23 [error] 3654#0: *149514954 open() "/home/bitrix/www/favicon.ico" failed (2: No such file or directory), client: 172.71.154.184, server: _, request: "GET /favicon.ico HTTP/2.0", host: "port4lio.pro", referrer: "https://port4lio.pro/rachel_leigh"
2025/07/15 20:38:22 [error] 3652#0: *149518144 open() "/home/bitrix/www/favicon.ico" failed (2: No such file or directory), client: 87.250.224.244, server: _, request: "GET /favicon.ico HTTP/1.1", host: "gate.port4lio.pro", referrer: "http://gate.port4lio.pro/products/homodynamy248722?id=733"
2025/07/15 22:02:10 [error] 3654#0: *149536384 open() "/home/bitrix/www/favicon.ico" failed (2: No such file or directory), client: 123.160.223.72, server: _, request: "GET /favicon.ico HTTP/1.1", host: "138.197.215.222"
2025/07/15 22:02:21 [error] 3654#0: *149536199 open() "/home/bitrix/www/upload/login.php" failed (2: No such file or directory), client: 40.113.19.58, server: _, request: "GET /upload/login.php HTTP/1.1", host: "dc-c5b65c8b88c2.port4lio.pro"
2025/07/15 22:47:35 [error] 3655#0: *149554928 access forbidden by rule, client: 185.177.72.8, server: _, request: "GET /.git/HEAD HTTP/1.1", host: "138.197.215.222"
2025/07/15 23:00:09 [error] 3654#0: *149558075 open() "/home/bitrix/www/favicon.ico" failed (2: No such file or directory), client: 172.71.154.185, server: _, request: "GET /favicon.ico HTTP/2.0", host: "port4lio.pro", referrer: "https://port4lio.pro/evgeniya_kazakova/"
2025/07/15 23:07:33 [error] 3654#0: *149559258 open() "/home/bitrix/www/favicon.ico" failed (2: No such file or directory), client: 172.71.154.185, server: _, request: "GET /favicon.ico HTTP/2.0", host: "port4lio.pro"
2025/07/15 23:16:02 [crit] 3654#0: *149560842 SSL_do_handshake() failed (SSL: error:141CF06C:SSL routines:tls_parse_ctos_key_share:bad key share) while SSL handshaking, client: 185.242.226.157, server: 0.0.0.0:443
2025/07/15 23:18:13 [error] 3654#0: *149561263 access forbidden by rule, client: 172.69.23.69, server: _, request: "GET /.git/config HTTP/2.0", host: "port4lio.pro"
2025/07/15 23:21:59 [error] 3654#0: *149562569 open() "/home/bitrix/www/favicon.ico" failed (2: No such file or directory), client: 172.71.154.184, server: _, request: "GET /favicon.ico HTTP/1.1", host: "port4lio.pro"
2025/07/15 23:32:22 [error] 3655#0: *149567098 access forbidden by rule, client: 146.190.208.54, server: _, request: "GET /.git/config HTTP/1.1", host: "138.197.215.222"
2025/07/15 23:34:30 [error] 3654#0: *149568050 access forbidden by rule, client: 172.69.134.55, server: _, request: "GET /.git/config HTTP/2.0", host: "port4lio.pro"
2025/07/15 23:48:32 [crit] 3654#0: *149573943 SSL_do_handshake() failed (SSL: error:141CF06C:SSL routines:tls_parse_ctos_key_share:bad key share) while SSL handshaking, client: 206.168.34.89, server: 0.0.0.0:8894
2025/07/15 23:58:38 [error] 3652#0: *149578194 open() "/home/bitrix/www/favicon.ico" failed (2: No such file or directory), client: 133.238.86.23, server: _, request: "GET /favicon.ico HTTP/2.0", host: "wildwww.port4lio.pro", referrer: "https://wildwww.port4lio.pro/l/7788754745.html"
2025/07/16 00:13:17 [error] 3654#0: *149584724 open() "/home/bitrix/www/favicon.ico" failed (2: No such file or directory), client: 213.180.203.78, server: _, request: "GET /favicon.ico HTTP/1.1", host: "5fbad488-5d19-42d9-b3b6-a58313f6b233.port4lio.pro", referrer: "https://5fbad488-5d19-42d9-b3b6-a58313f6b233.port4lio.pro/products/conflictory642089?id=187"
2025/07/16 00:57:05 [error] 3654#0: *149604787 open() "/home/bitrix/www/favicon.ico" failed (2: No such file or directory), client: 64.62.156.41, server: _, request: "GET /favicon.ico HTTP/1.1", host: "138.197.215.222"
2025/07/16 01:01:41 [error] 3655#0: *149606506 access forbidden by rule, client: 172.71.154.235, server: _, request: "GET /.git/config HTTP/2.0", host: "port4lio.pro"
2025/07/16 01:26:07 [error] 3654#0: *149616048 open() "/home/bitrix/www/favicon.ico" failed (2: No such file or directory), client: 95.108.213.191, server: _, request: "GET /favicon.ico HTTP/1.1", host: "gate.port4lio.pro", referrer: "http://gate.port4lio.pro/products/kalokagathia105462?id=622"
2025/07/16 01:39:26 [error] 3655#0: *149622046 open() "/home/bitrix/www/favicon.ico" failed (2: No such file or directory), client: 172.71.154.184, server: _, request: "GET /favicon.ico HTTP/1.1", host: "port4lio.pro"
2025/07/16 02:19:37 [error] 3658#0: *149642733 open() "/home/bitrix/www/favicon.ico" failed (2: No such file or directory), client: 43.246.208.35, server: _, request: "GET /favicon.ico HTTP/1.1", host: "138.197.215.222"
2025/07/16 02:19:41 [error] 3655#0: *149642781 open() "/home/bitrix/www/favicon.ico" failed (2: No such file or directory), client: 43.246.208.35, server: _, request: "GET /favicon.ico HTTP/1.1", host: "138.197.215.222"
2025/07/16 02:21:49 [warn] 3654#0: *149643855 an upstream response is buffered to a temporary file /var/cache/nginx/proxy_temp/7/56/0000000567 while reading upstream, client: 172.71.155.73, server: _, request: "GET /ru/port4lio_eng_3m.pdf HTTP/2.0", upstream: "http://127.0.0.1:8888/ru/port4lio_eng_3m.pdf", host: "port4lio.pro"
2025/07/16 02:39:15 [error] 3654#0: *149653463 open() "/home/bitrix/www/favicon.ico" failed (2: No such file or directory), client: 134.209.85.193, server: _, request: "GET /favicon.ico HTTP/1.1", host: "dc-c5b65c8b88c2.port4lio.pro", referrer: "http://dc-c5b65c8b88c2.port4lio.pro/"
2025/07/16 02:39:20 [crit] 3655#0: *149653540 SSL_do_handshake() failed (SSL: error:141CF06C:SSL routines:tls_parse_ctos_key_share:bad key share) while SSL handshaking, client: 134.209.85.193, server: 0.0.0.0:443
2025/07/16 02:39:21 [error] 3658#0: *149653545 open() "/home/bitrix/www/favicon.ico" failed (2: No such file or directory), client: 134.209.85.193, server: _, request: "GET /favicon.ico HTTP/1.1", host: "dc-c5b65c8b88c2.port4lio.pro", referrer: "https://dc-c5b65c8b88c2.port4lio.pro/"
2025/07/16 02:39:26 [error] 3654#0: *149653623 open() "/home/bitrix/www/uploaded_script.php" failed (2: No such file or directory), client: 172.69.134.29, server: _, request: "GET /uploaded_script.php HTTP/1.1", host: "port4lio.pro", referrer: "www.google.com"
2025/07/16 02:39:27 [error] 3655#0: *149653630 open() "/home/bitrix/www/uploaded_script.php" failed (2: No such file or directory), client: 172.69.134.55, server: _, request: "GET /uploaded_script.php HTTP/2.0", host: "port4lio.pro", referrer: "www.google.com"
2025/07/16 03:00:09 [error] 3655#0: *149663145 open() "/home/bitrix/www/favicon.ico" failed (2: No such file or directory), client: 95.108.213.188, server: _, request: "GET /favicon.ico HTTP/1.1", host: "5fbad488-5d19-42d9-b3b6-a58313f6b233.port4lio.pro", referrer: "https://5fbad488-5d19-42d9-b3b6-a58313f6b233.port4lio.pro/products/enigmatize1324367?id=638"
2025/07/16 03:13:07 [error] 3654#0: *149668897 open() "/home/bitrix/www/favicon.ico" failed (2: No such file or directory), client: 172.71.154.185, server: _, request: "GET /favicon.ico HTTP/2.0", host: "port4lio.pro", referrer: "https://port4lio.pro/rachel_leigh"
2025/07/16 03:23:59 [error] 3654#0: *149673973 access forbidden by rule, client: 172.71.154.219, server: _, request: "GET /.git/HEAD HTTP/1.1", host: "port4lio.pro"
2025/07/16 03:25:32 [error] 3652#0: *149674804 open() "/home/bitrix/www/.aws_config.js" failed (2: No such file or directory), client: 172.69.135.147, server: _, request: "GET /.aws_config.js HTTP/1.1", host: "port4lio.pro"
2025/07/16 03:25:48 [error] 3655#0: *149675002 open() "/home/bitrix/www/.aws_lambda/handler.js" failed (2: No such file or directory), client: 172.69.134.12, server: _, request: "GET /.aws_lambda/handler.js HTTP/1.1", host: "port4lio.pro"
2025/07/16 03:26:00 [error] 3655#0: *149675040 open() "/home/bitrix/www/.aws_secrets.js" failed (2: No such file or directory), client: 172.69.135.190, server: _, request: "GET /.aws_secrets.js HTTP/1.1", host: "port4lio.pro"
2025/07/16 03:26:22 [error] 3654#0: *149674016 open() "/home/bitrix/www/.config.js" failed (2: No such file or directory), client: 172.71.154.203, server: _, request: "GET /.config.js HTTP/1.1", host: "port4lio.pro"
2025/07/16 03:27:13 [error] 3652#0: *149675931 open() "/home/bitrix/www/.env.js" failed (2: No such file or directory), client: 172.71.158.110, server: _, request: "GET /.env.js HTTP/1.1", host: "port4lio.pro"
2025/07/16 03:28:03 [error] 3654#0: *149674016 access forbidden by rule, client: 172.71.154.203, server: _, request: "GET /.git/ HTTP/1.1", host: "port4lio.pro"
2025/07/16 03:28:03 [error] 3655#0: *149674281 access forbidden by rule, client: 172.69.135.83, server: _, request: "GET /.git/.env HTTP/1.1", host: "port4lio.pro"
2025/07/16 03:28:03 [error] 3654#0: *149675671 access forbidden by rule, client: 172.69.135.84, server: _, request: "GET /.git/COMMIT_EDITMSG HTTP/1.1", host: "port4lio.pro"
2025/07/16 03:28:03 [error] 3654#0: *149675029 access forbidden by rule, client: 172.69.23.101, server: _, request: "GET /.git/FETCH_HEAD HTTP/1.1", host: "port4lio.pro"
2025/07/16 03:28:14 [error] 3654#0: *149674016 access forbidden by rule, client: 172.71.154.203, server: _, request: "GET /.git/HEAD HTTP/1.1", host: "port4lio.pro"
2025/07/16 03:28:15 [error] 3652#0: *149674433 access forbidden by rule, client: 162.158.166.252, server: _, request: "GET /.git/ORIG_HEAD HTTP/1.1", host: "port4lio.pro"
2025/07/16 03:28:15 [error] 3654#0: *149675051 access forbidden by rule, client: 172.69.23.101, server: _, request: "GET /.git/backup HTTP/1.1", host: "port4lio.pro"
2025/07/16 03:28:15 [error] 3655#0: *149674281 access forbidden by rule, client: 172.69.135.83, server: _, request: "GET /.git/config HTTP/1.1", host: "port4lio.pro"
2025/07/16 03:28:15 [error] 3654#0: *149675671 access forbidden by rule, client: 172.69.135.84, server: _, request: "GET /.git/config.bak HTTP/1.1", host: "port4lio.pro"
2025/07/16 03:28:15 [error] 3655#0: *149674281 access forbidden by rule, client: 172.69.135.83, server: _, request: "GET /.git/config.old HTTP/1.1", host: "port4lio.pro"
2025/07/16 03:28:27 [error] 3654#0: *149673459 access forbidden by rule, client: 172.71.158.41, server: _, request: "GET /.git/config~ HTTP/1.1", host: "port4lio.pro"
2025/07/16 03:28:27 [error] 3654#0: *149675029 access forbidden by rule, client: 172.69.23.101, server: _, request: "GET /.git/db.sql HTTP/1.1", host: "port4lio.pro"
2025/07/16 03:28:27 [error] 3654#0: *149675582 access forbidden by rule, client: 162.158.166.252, server: _, request: "GET /.git/description HTTP/1.1", host: "port4lio.pro"
2025/07/16 03:28:27 [error] 3654#0: *149675723 access forbidden by rule, client: 172.71.158.40, server: _, request: "GET /.git/dump.sql HTTP/1.1", host: "port4lio.pro"
2025/07/16 03:28:27 [error] 3654#0: *149675671 access forbidden by rule, client: 172.69.135.84, server: _, request: "GET /.git/execute.php HTTP/1.1", host: "port4lio.pro"
2025/07/16 03:28:27 [error] 3654#0: *149673459 access forbidden by rule, client: 172.71.158.41, server: _, request: "GET /.git/hooks/post-commit HTTP/1.1", host: "port4lio.pro"
2025/07/16 03:28:28 [error] 3652#0: *149674433 access forbidden by rule, client: 162.158.166.252, server: _, request: "GET /.git/hooks/pre-commit HTTP/1.1", host: "port4lio.pro"
2025/07/16 03:28:28 [error] 3654#0: *149675723 access forbidden by rule, client: 172.71.158.40, server: _, request: "GET /.git/hooks/pre-push HTTP/1.1", host: "port4lio.pro"
2025/07/16 03:28:28 [error] 3654#0: *149675582 access forbidden by rule, client: 162.158.166.252, server: _, request: "GET /.git/index HTTP/1.1", host: "port4lio.pro"
2025/07/16 03:28:28 [error] 3654#0: *149674016 access forbidden by rule, client: 172.71.154.203, server: _, request: "GET /.git/info/exclude HTTP/1.1", host: "port4lio.pro"
2025/07/16 03:28:39 [error] 3654#0: *149675723 access forbidden by rule, client: 172.71.158.40, server: _, request: "GET /.git/logs/HEAD HTTP/1.1", host: "port4lio.pro"
2025/07/16 03:28:39 [error] 3655#0: *149674281 access forbidden by rule, client: 172.69.135.83, server: _, request: "GET /.git/logs/refs/heads/master HTTP/1.1", host: "port4lio.pro"
2025/07/16 03:28:39 [error] 3654#0: *149673459 access forbidden by rule, client: 172.71.158.41, server: _, request: "GET /.git/logs/refs/remotes/origin/HEAD HTTP/1.1", host: "port4lio.pro"
2025/07/16 03:28:50 [error] 3654#0: *149675671 access forbidden by rule, client: 172.69.135.84, server: _, request: "GET /.git/objects/ HTTP/1.1", host: "port4lio.pro"
2025/07/16 03:28:50 [error] 3655#0: *149674281 access forbidden by rule, client: 172.69.135.83, server: _, request: "GET /.git/packed-refs HTTP/1.1", host: "port4lio.pro"
2025/07/16 03:28:50 [error] 3654#0: *149675671 access forbidden by rule, client: 172.69.135.84, server: _, request: "GET /.git/refs/ HTTP/1.1", host: "port4lio.pro"
2025/07/16 03:29:01 [error] 3654#0: *149675051 access forbidden by rule, client: 172.69.23.101, server: _, request: "GET /.git/refs/heads/ HTTP/1.1", host: "port4lio.pro"
2025/07/16 03:29:02 [error] 3654#0: *149674016 access forbidden by rule, client: 172.71.154.203, server: _, request: "GET /.git/refs/heads/main HTTP/1.1", host: "port4lio.pro"
2025/07/16 03:29:02 [error] 3655#0: *149674281 access forbidden by rule, client: 172.69.135.83, server: _, request: "GET /.git/refs/heads/master HTTP/1.1", host: "port4lio.pro"
2025/07/16 03:29:13 [error] 3654#0: *149674016 access forbidden by rule, client: 172.71.154.203, server: _, request: "GET /.git/refs/remotes/ HTTP/1.1", host: "port4lio.pro"
2025/07/16 03:29:13 [error] 3654#0: *149675723 access forbidden by rule, client: 172.71.158.40, server: _, request: "GET /.git/refs/remotes/origin/main HTTP/1.1", host: "port4lio.pro"
2025/07/16 03:29:13 [error] 3654#0: *149675029 access forbidden by rule, client: 172.69.23.101, server: _, request: "GET /.git/refs/remotes/origin/master HTTP/1.1", host: "port4lio.pro"
2025/07/16 03:29:25 [error] 3654#0: *149674016 access forbidden by rule, client: 172.71.154.203, server: _, request: "GET /.git/refs/stash HTTP/1.1", host: "port4lio.pro"
2025/07/16 03:29:25 [error] 3654#0: *149674016 access forbidden by rule, client: 172.71.154.203, server: _, request: "GET /.git/refs/tags/ HTTP/1.1", host: "port4lio.pro"
2025/07/16 03:29:25 [error] 3654#0: *149674016 access forbidden by rule, client: 172.71.154.203, server: _, request: "GET /.git/shell.php HTTP/1.1", host: "port4lio.pro"
2025/07/16 03:29:25 [error] 3654#0: *149675671 access forbidden by rule, client: 172.69.135.84, server: _, request: "GET /.gitattributes HTTP/1.1", host: "port4lio.pro"
2025/07/16 03:29:36 [error] 3654#0: *149675723 access forbidden by rule, client: 172.71.158.40, server: _, request: "GET /.github/workflows/build.yml HTTP/1.1", host: "port4lio.pro"
2025/07/16 03:29:36 [error] 3655#0: *149674281 access forbidden by rule, client: 172.69.135.83, server: _, request: "GET /.github/workflows/deploy.yml HTTP/1.1", host: "port4lio.pro"
2025/07/16 03:29:37 [error] 3654#0: *149674016 access forbidden by rule, client: 172.71.154.203, server: _, request: "GET /.gitignore HTTP/1.1", host: "port4lio.pro"
2025/07/16 03:29:37 [error] 3654#0: *149675582 access forbidden by rule, client: 162.158.166.252, server: _, request: "GET /.gitkeep HTTP/1.1", host: "port4lio.pro"
2025/07/16 03:29:37 [error] 3654#0: *149675051 access forbidden by rule, client: 172.69.23.101, server: _, request: "GET /.gitmodules HTTP/1.1", host: "port4lio.pro"
2025/07/16 03:29:37 [error] 3654#0: *149674016 access forbidden by rule, client: 172.71.154.203, server: _, request: "GET /.hg/hgrc HTTP/1.1", host: "port4lio.pro"
2025/07/16 03:29:38 [error] 3652#0: *149674433 access forbidden by rule, client: 162.158.166.252, server: _, request: "GET /.htaccess HTTP/1.1", host: "port4lio.pro"
2025/07/16 03:29:38 [error] 3654#0: *149675671 access forbidden by rule, client: 172.69.135.84, server: _, request: "GET /.htpasswd HTTP/1.1", host: "port4lio.pro"
2025/07/16 03:30:48 [error] 3652#0: *149674433 access forbidden by rule, client: 162.158.166.252, server: _, request: "GET /.svn/entries HTTP/1.1", host: "port4lio.pro"
2025/07/16 03:33:23 [error] 3654#0: *149675051 access forbidden by rule, client: 172.69.23.101, server: _, request: "GET /admin/.git/ HTTP/1.1", host: "port4lio.pro"
2025/07/16 03:33:23 [error] 3655#0: *149678381 access forbidden by rule, client: 172.71.154.202, server: _, request: "GET /admin/.git/HEAD HTTP/1.1", host: "port4lio.pro"
2025/07/16 03:33:23 [error] 3654#0: *149675671 access forbidden by rule, client: 172.69.135.84, server: _, request: "GET /admin/.git/config HTTP/1.1", host: "port4lio.pro"
2025/07/16 03:33:23 [error] 3654#0: *149675671 access forbidden by rule, client: 172.69.135.84, server: _, request: "GET /admin/.git/logs/HEAD HTTP/1.1", host: "port4lio.pro"
2025/07/16 03:33:33 [error] 3654#0: *149675671 access forbidden by rule, client: 172.69.135.84, server: _, request: "GET /admin/.gitignore HTTP/1.1", host: "port4lio.pro"
2025/07/16 03:33:40 [error] 3654#0: *149679561 open() "/home/bitrix/www/admin/bundle.js" failed (2: No such file or directory), client: 162.158.167.63, server: _, request: "GET /admin/bundle.js HTTP/1.1", host: "port4lio.pro"
2025/07/16 03:34:06 [error] 3655#0: *149679851 open() "/home/bitrix/www/admin/controllers/merchant.js" failed (2: No such file or directory), client: 172.69.23.168, server: _, request: "GET /admin/controllers/merchant.js HTTP/1.1", host: "port4lio.pro"
2025/07/16 03:34:06 [error] 3654#0: *149679854 open() "/home/bitrix/www/admin/controllers/partner.js" failed (2: No such file or directory), client: 172.71.154.51, server: _, request: "GET /admin/controllers/partner.js HTTP/1.1", host: "port4lio.pro"
2025/07/16 03:34:22 [error] 3654#0: *149679892 open() "/home/bitrix/www/admin/debug.js" failed (2: No such file or directory), client: 162.158.167.82, server: _, request: "GET /admin/debug.js HTTP/1.1", host: "port4lio.pro"
2025/07/16 03:35:06 [error] 3654#0: *149680376 open() "/home/bitrix/www/admin/main.dev.js" failed (2: No such file or directory), client: 162.158.167.116, server: _, request: "GET /admin/main.dev.js HTTP/1.1", host: "port4lio.pro"
2025/07/16 03:35:07 [error] 3657#0: *149680377 open() "/home/bitrix/www/admin/main.js" failed (2: No such file or directory), client: 172.69.23.145, server: _, request: "GET /admin/main.js HTTP/1.1", host: "port4lio.pro"

Zerion Mini Shell 1.0